Last updated on 2025-10-29 19:57:01 CET.
| Flavor | Version | Tinstall | Tcheck | Ttotal | Status | Flags |
|---|---|---|---|---|---|---|
| r-devel-linux-x86_64-debian-clang | 0.9.4 | 2.87 | 24.41 | 27.28 | NOTE | |
| r-devel-linux-x86_64-debian-gcc | 0.9.4 | 1.96 | 19.84 | 21.80 | NOTE | |
| r-devel-linux-x86_64-fedora-clang | 0.9.4 | 39.61 | NOTE | |||
| r-devel-linux-x86_64-fedora-gcc | 0.9.4 | 12.00 | 28.16 | 40.16 | NOTE | |
| r-devel-windows-x86_64 | 0.9.4 | 3.00 | 42.00 | 45.00 | OK | |
| r-patched-linux-x86_64 | 0.9.4 | 2.66 | 22.84 | 25.50 | OK | |
| r-release-linux-x86_64 | 0.9.4 | 2.47 | 22.74 | 25.21 | OK | |
| r-release-macos-arm64 | 0.9.4 | 1.00 | 15.00 | 16.00 | OK | |
| r-release-macos-x86_64 | 0.9.4 | 2.00 | 23.00 | 25.00 | OK | |
| r-release-windows-x86_64 | 0.9.4 | 4.00 | 44.00 | 48.00 | OK | |
| r-oldrel-macos-arm64 | 0.9.4 | 1.00 | 14.00 | 15.00 | OK | |
| r-oldrel-macos-x86_64 | 0.9.4 | 3.00 | 19.00 | 22.00 | OK | |
| r-oldrel-windows-x86_64 | 0.9.4 | 5.00 | 49.00 | 54.00 | OK |
Version: 0.9.4
Check: Rd files
Result: NOTE
checkRd: (-1) KMO.Rd:46-53: Only 2 columns allowed in this table (row 7 has 1)
checkRd: (-1) REdaS-package.Rd:8-14: Only 2 columns allowed in this table (row 6 has 1)
Flavors: r-devel-linux-x86_64-debian-clang, r-devel-linux-x86_64-debian-gcc, r-devel-linux-x86_64-fedora-clang, r-devel-linux-x86_64-fedora-gcc
These binaries (installable software) and packages are in development.
They may not be fully stable and should be used with caution. We make no claims about them.
Health stats visible at Monitor.