CRAN Package Check Results for Package RECA

Last updated on 2025-05-17 15:50:53 CEST.

Flavor Version Tinstall Tcheck Ttotal Status Flags
r-devel-linux-x86_64-debian-clang 1.7 1.54 20.43 21.97 NOTE
r-devel-linux-x86_64-debian-gcc 1.7 1.40 16.59 17.99 NOTE
r-devel-linux-x86_64-fedora-clang 1.7 32.54 OK
r-devel-linux-x86_64-fedora-gcc 1.7 30.66 OK
r-devel-windows-x86_64 1.7 2.00 47.00 49.00 OK
r-patched-linux-x86_64 1.7 1.68 18.45 20.13 OK
r-release-linux-x86_64 1.7 1.60 18.49 20.09 OK
r-release-macos-arm64 1.7 14.00 OK
r-release-macos-x86_64 1.7 23.00 OK
r-release-windows-x86_64 1.7 3.00 45.00 48.00 OK
r-oldrel-macos-arm64 1.7 15.00 OK
r-oldrel-macos-x86_64 1.7 20.00 OK
r-oldrel-windows-x86_64 1.7 3.00 47.00 50.00 OK

Check Details

Version: 1.7
Check: CRAN incoming feasibility
Result: NOTE Maintainer: ‘Nan Xiao <me@nanx.me>’ Found the following (possibly) invalid file URIs: URI: CONTRIBUTING.md From: README.md URI: CONDUCT.md From: README.md Flavors: r-devel-linux-x86_64-debian-clang, r-devel-linux-x86_64-debian-gcc

These binaries (installable software) and packages are in development.
They may not be fully stable and should be used with caution. We make no claims about them.
Health stats visible at Monitor.