Last updated on 2025-02-02 05:48:34 CET.
Flavor | Version | Tinstall | Tcheck | Ttotal | Status | Flags |
---|---|---|---|---|---|---|
r-devel-linux-x86_64-debian-clang | 3.0.3 | 6.29 | 58.69 | 64.98 | NOTE | |
r-devel-linux-x86_64-debian-gcc | 3.0.3 | 4.88 | 39.26 | 44.14 | NOTE | |
r-devel-linux-x86_64-fedora-clang | 3.0.3 | 111.36 | NOTE | |||
r-devel-linux-x86_64-fedora-gcc | 3.0.3 | 95.92 | NOTE | |||
r-devel-windows-x86_64 | 3.0.3 | 7.00 | 92.00 | 99.00 | NOTE | |
r-patched-linux-x86_64 | 3.0.3 | 9.67 | 54.11 | 63.78 | NOTE | |
r-release-linux-x86_64 | 3.0.3 | 6.28 | 55.23 | 61.51 | NOTE | |
r-release-macos-arm64 | 3.0.3 | 26.00 | NOTE | |||
r-release-macos-x86_64 | 3.0.3 | 41.00 | NOTE | |||
r-release-windows-x86_64 | 3.0.3 | 8.00 | 89.00 | 97.00 | NOTE | |
r-oldrel-macos-arm64 | 3.0.3 | 28.00 | OK | |||
r-oldrel-macos-x86_64 | 3.0.3 | 41.00 | OK | |||
r-oldrel-windows-x86_64 | 3.0.3 | 10.00 | 103.00 | 113.00 | OK |
Version: 3.0.3
Check: Rd files
Result: NOTE
checkRd: (-1) Automotive.Rd:29: Lost braces
29 | Wikipedia (2018): \dQuote{Automobilindustrie --- Wikipedia{,} Die freie Enzyklopaedie}. \url{https://de.wikipedia.org/wiki/Automobilindustrie} (accessed October 14, 2018). Own postprocessing.
| ^
checkRd: (-1) Automotive.Rd:33: Lost braces
33 | Wikipedia (2018): \dQuote{Automobilindustrie --- Wikipedia{,} Die freie Enzyklopaedie}. \url{https://de.wikipedia.org/wiki/Automobilindustrie} (accessed October 14, 2018).
| ^
Flavors: r-devel-linux-x86_64-debian-clang, r-devel-linux-x86_64-debian-gcc, r-devel-linux-x86_64-fedora-clang, r-devel-linux-x86_64-fedora-gcc, r-devel-windows-x86_64, r-patched-linux-x86_64, r-release-linux-x86_64, r-release-macos-arm64, r-release-macos-x86_64, r-release-windows-x86_64
These binaries (installable software) and packages are in development.
They may not be fully stable and should be used with caution. We make no claims about them.
Health stats visible at Monitor.