Last updated on 2025-05-15 07:49:49 CEST.
Flavor | Version | Tinstall | Tcheck | Ttotal | Status | Flags |
---|---|---|---|---|---|---|
r-devel-linux-x86_64-debian-clang | 3.0.3 | 6.30 | 59.89 | 66.19 | NOTE | |
r-devel-linux-x86_64-debian-gcc | 3.0.3 | 4.44 | 40.95 | 45.39 | NOTE | |
r-devel-linux-x86_64-fedora-clang | 3.0.3 | 102.96 | NOTE | |||
r-devel-linux-x86_64-fedora-gcc | 3.0.3 | 97.40 | NOTE | |||
r-devel-windows-x86_64 | 3.0.3 | 7.00 | 94.00 | 101.00 | NOTE | |
r-patched-linux-x86_64 | 3.0.3 | 9.19 | 56.66 | 65.85 | NOTE | |
r-release-linux-x86_64 | 3.0.3 | 6.46 | 56.09 | 62.55 | NOTE | |
r-release-macos-arm64 | 3.0.3 | NOTE | ||||
r-release-macos-x86_64 | 3.0.3 | 50.00 | NOTE | |||
r-release-windows-x86_64 | 3.0.3 | 7.00 | 94.00 | 101.00 | NOTE | |
r-oldrel-macos-arm64 | 3.0.3 | 26.00 | NOTE | |||
r-oldrel-macos-x86_64 | 3.0.3 | 41.00 | NOTE | |||
r-oldrel-windows-x86_64 | 3.0.3 | 8.00 | 89.00 | 97.00 | NOTE |
Version: 3.0.3
Check: CRAN incoming feasibility
Result: NOTE
Maintainer: ‘Thomas Wieland <thomas.wieland.geo@googlemail.com>’
No Authors@R field in DESCRIPTION.
Please add one, modifying
Authors@R: person(given = "Thomas",
family = "Wieland",
role = c("aut", "cre"),
email = "thomas.wieland.geo@googlemail.com")
as necessary.
Package CITATION file contains call(s) to old-style citEntry(). Please
use bibentry() instead.
Flavors: r-devel-linux-x86_64-debian-clang, r-devel-linux-x86_64-debian-gcc
Version: 3.0.3
Check: Rd files
Result: NOTE
checkRd: (-1) Automotive.Rd:29: Lost braces
29 | Wikipedia (2018): \dQuote{Automobilindustrie --- Wikipedia{,} Die freie Enzyklopaedie}. \url{https://de.wikipedia.org/wiki/Automobilindustrie} (accessed October 14, 2018). Own postprocessing.
| ^
checkRd: (-1) Automotive.Rd:33: Lost braces
33 | Wikipedia (2018): \dQuote{Automobilindustrie --- Wikipedia{,} Die freie Enzyklopaedie}. \url{https://de.wikipedia.org/wiki/Automobilindustrie} (accessed October 14, 2018).
| ^
Flavors: r-devel-linux-x86_64-debian-clang, r-devel-linux-x86_64-debian-gcc, r-devel-linux-x86_64-fedora-clang, r-devel-linux-x86_64-fedora-gcc, r-devel-windows-x86_64, r-patched-linux-x86_64, r-release-linux-x86_64, r-release-macos-arm64, r-release-macos-x86_64, r-release-windows-x86_64, r-oldrel-macos-arm64, r-oldrel-macos-x86_64, r-oldrel-windows-x86_64
These binaries (installable software) and packages are in development.
They may not be fully stable and should be used with caution. We make no claims about them.
Health stats visible at Monitor.