Last updated on 2024-05-02 13:50:11 CEST.
Flavor | Version | Tinstall | Tcheck | Ttotal | Status | Flags |
---|---|---|---|---|---|---|
r-devel-linux-x86_64-debian-clang | 3.0.3 | 6.97 | 75.49 | 82.46 | NOTE | |
r-devel-linux-x86_64-debian-gcc | 3.0.3 | 6.55 | 54.76 | 61.31 | NOTE | |
r-devel-linux-x86_64-fedora-clang | 3.0.3 | 101.56 | NOTE | |||
r-devel-linux-x86_64-fedora-gcc | 3.0.3 | 96.07 | NOTE | |||
r-devel-windows-x86_64 | 3.0.3 | 7.00 | 91.00 | 98.00 | NOTE | |
r-patched-linux-x86_64 | 3.0.3 | 9.83 | 72.97 | 82.80 | NOTE | |
r-release-linux-x86_64 | 3.0.3 | 7.76 | 70.29 | 78.05 | NOTE | |
r-release-macos-arm64 | 3.0.3 | 26.00 | NOTE | |||
r-release-windows-x86_64 | 3.0.3 | 8.00 | 89.00 | 97.00 | NOTE | |
r-oldrel-macos-arm64 | 3.0.3 | 28.00 | OK | |||
r-oldrel-macos-x86_64 | 3.0.3 | 41.00 | OK | |||
r-oldrel-windows-x86_64 | 3.0.3 | 10.00 | 103.00 | 113.00 | OK |
Version: 3.0.3
Check: Rd files
Result: NOTE
checkRd: (-1) Automotive.Rd:29: Lost braces
29 | Wikipedia (2018): \dQuote{Automobilindustrie --- Wikipedia{,} Die freie Enzyklopaedie}. \url{https://de.wikipedia.org/wiki/Automobilindustrie} (accessed October 14, 2018). Own postprocessing.
| ^
checkRd: (-1) Automotive.Rd:33: Lost braces
33 | Wikipedia (2018): \dQuote{Automobilindustrie --- Wikipedia{,} Die freie Enzyklopaedie}. \url{https://de.wikipedia.org/wiki/Automobilindustrie} (accessed October 14, 2018).
| ^
Flavors: r-devel-linux-x86_64-debian-clang, r-devel-linux-x86_64-debian-gcc, r-devel-linux-x86_64-fedora-clang, r-devel-linux-x86_64-fedora-gcc, r-devel-windows-x86_64, r-patched-linux-x86_64, r-release-linux-x86_64, r-release-macos-arm64, r-release-windows-x86_64
Version: 3.0.3
Check: data for non-ASCII characters
Result: NOTE
Note: found 8 marked UTF-8 strings
Flavors: r-devel-linux-x86_64-fedora-clang, r-devel-linux-x86_64-fedora-gcc
These binaries (installable software) and packages are in development.
They may not be fully stable and should be used with caution. We make no claims about them.
Health stats visible at Monitor.