Last updated on 2025-02-23 19:51:17 CET.
Flavor | Version | Tinstall | Tcheck | Ttotal | Status | Flags |
---|---|---|---|---|---|---|
r-devel-linux-x86_64-debian-clang | 1.0 | 35.38 | 52.26 | 87.64 | NOTE | |
r-devel-linux-x86_64-debian-gcc | 1.0 | 18.59 | 38.73 | 57.32 | NOTE | |
r-devel-linux-x86_64-fedora-clang | 1.0 | 138.17 | OK | |||
r-devel-linux-x86_64-fedora-gcc | 1.0 | 146.66 | OK | |||
r-devel-macos-arm64 | 1.0 | 36.00 | OK | |||
r-devel-macos-x86_64 | 1.0 | 76.00 | OK | |||
r-devel-windows-x86_64 | 1.0 | 31.00 | 76.00 | 107.00 | NOTE | |
r-patched-linux-x86_64 | 1.0 | 33.72 | 48.48 | 82.20 | NOTE | |
r-release-linux-x86_64 | 1.0 | 30.05 | 48.58 | 78.63 | NOTE | |
r-release-macos-arm64 | 1.0 | 37.00 | NOTE | |||
r-release-macos-x86_64 | 1.0 | 59.00 | NOTE | |||
r-release-windows-x86_64 | 1.0 | 32.00 | 74.00 | 106.00 | NOTE | |
r-oldrel-macos-arm64 | 1.0 | 39.00 | NOTE | |||
r-oldrel-macos-x86_64 | 1.0 | 67.00 | NOTE | |||
r-oldrel-windows-x86_64 | 1.0 | 42.00 | 88.00 | 130.00 | NOTE |
Version: 1.0
Check: Rd cross-references
Result: NOTE
Found the following Rd file(s) with Rd \link{} targets missing package
anchors:
RDML.Rd: R6Class
adpsType.Rd: R6Class
annotationType.Rd: R6Class
baseTemperatureType.Rd: R6Class
cdnaSynthesisMethodType.Rd: R6Class
commercialAssayType.Rd: R6Class
cqDetectionMethodType.Rd: R6Class
dataCollectionSoftwareType.Rd: R6Class
dataType.Rd: R6Class
documentationType.Rd: R6Class
dyeType.Rd: R6Class
enumType.Rd: R6Class
experimentType.Rd: R6Class
experimenterType.Rd: R6Class
gradientType.Rd: R6Class
idReferencesType.Rd: R6Class
idType.Rd: R6Class
labelFormatType.Rd: R6Class
lidOpenType.Rd: R6Class
loopType.Rd: R6Class
mdpsType.Rd: R6Class
measureType.Rd: R6Class
nucleotideType.Rd: R6Class
oligoType.Rd: R6Class
pauseType.Rd: R6Class
pcrFormatType.Rd: R6Class
primingMethodType.Rd: R6Class
quantityType.Rd: R6Class
quantityUnitType.Rd: R6Class
rdmlBaseType.Rd: R6Class
rdmlIdType.Rd: R6Class
reactIdType.Rd: R6Class
reactType.Rd: R6Class
runType.Rd: R6Class
sampleType.Rd: R6Class
sampleTypeType.Rd: R6Class
sequencesType.Rd: R6Class
stepType.Rd: R6Class
targetType.Rd: R6Class
targetTypeType.Rd: R6Class
temperatureType.Rd: R6Class
templateQuantityType.Rd: R6Class
thermalCyclingConditionsType.Rd: R6Class
xRefType.Rd: R6Class
Please provide package anchors for all Rd \link{} targets not in the
package itself and the base packages.
Flavors: r-devel-linux-x86_64-debian-clang, r-devel-linux-x86_64-debian-gcc, r-devel-windows-x86_64
Version: 1.0
Check: LazyData
Result: NOTE
'LazyData' is specified without a 'data' directory
Flavors: r-patched-linux-x86_64, r-release-linux-x86_64, r-release-macos-arm64, r-release-macos-x86_64, r-release-windows-x86_64, r-oldrel-macos-arm64, r-oldrel-macos-x86_64, r-oldrel-windows-x86_64
These binaries (installable software) and packages are in development.
They may not be fully stable and should be used with caution. We make no claims about them.
Health stats visible at Monitor.