CRAN Package Check Results for Package RColorBrewer

Last updated on 2025-05-17 09:49:20 CEST.

Flavor Version Tinstall Tcheck Ttotal Status Flags
r-devel-linux-x86_64-debian-clang 1.1-3 2.22 17.97 20.19 NOTE
r-devel-linux-x86_64-debian-gcc 1.1-3 1.86 14.53 16.39 NOTE
r-devel-linux-x86_64-fedora-clang 1.1-3 32.79 OK
r-devel-linux-x86_64-fedora-gcc 1.1-3 30.26 OK
r-devel-windows-x86_64 1.1-3 6.00 35.00 41.00 OK
r-patched-linux-x86_64 1.1-3 1.66 16.92 18.58 OK
r-release-linux-x86_64 1.1-3 1.69 17.06 18.75 OK
r-release-macos-arm64 1.1-3 15.00 OK
r-release-macos-x86_64 1.1-3 23.00 OK
r-release-windows-x86_64 1.1-3 5.00 35.00 40.00 OK
r-oldrel-macos-arm64 1.1-3 19.00 OK
r-oldrel-macos-x86_64 1.1-3 21.00 OK
r-oldrel-windows-x86_64 1.1-3 4.00 35.00 39.00 OK

Check Details

Version: 1.1-3
Check: CRAN incoming feasibility
Result: NOTE Maintainer: ‘Erich Neuwirth <erich.neuwirth@univie.ac.at>’ The Description field contains Cynthia Brewer as described at http://colorbrewer2.org. Please enclose URLs in angle brackets (<...>). Flavors: r-devel-linux-x86_64-debian-clang, r-devel-linux-x86_64-debian-gcc

These binaries (installable software) and packages are in development.
They may not be fully stable and should be used with caution. We make no claims about them.
Health stats visible at Monitor.