Last updated on 2025-02-23 19:51:17 CET.
Flavor | Version | Tinstall | Tcheck | Ttotal | Status | Flags |
---|---|---|---|---|---|---|
r-devel-linux-x86_64-debian-clang | 1.2 | 2.18 | 20.43 | 22.61 | NOTE | |
r-devel-linux-x86_64-debian-gcc | 1.2 | 1.57 | 16.52 | 18.09 | NOTE | |
r-devel-linux-x86_64-fedora-clang | 1.2 | 36.34 | NOTE | |||
r-devel-linux-x86_64-fedora-gcc | 1.2 | 34.89 | NOTE | |||
r-devel-macos-arm64 | 1.2 | 14.00 | NOTE | |||
r-devel-macos-x86_64 | 1.2 | 24.00 | NOTE | |||
r-devel-windows-x86_64 | 1.2 | 3.00 | 45.00 | 48.00 | NOTE | |
r-patched-linux-x86_64 | 1.2 | 2.27 | 19.73 | 22.00 | NOTE | |
r-release-linux-x86_64 | 1.2 | 2.00 | 19.71 | 21.71 | NOTE | |
r-release-macos-arm64 | 1.2 | 14.00 | NOTE | |||
r-release-macos-x86_64 | 1.2 | 20.00 | NOTE | |||
r-release-windows-x86_64 | 1.2 | 4.00 | 44.00 | 48.00 | NOTE | |
r-oldrel-macos-arm64 | 1.2 | 16.00 | OK | |||
r-oldrel-macos-x86_64 | 1.2 | 21.00 | OK | |||
r-oldrel-windows-x86_64 | 1.2 | 4.00 | 45.00 | 49.00 | OK |
Version: 1.2
Check: Rd files
Result: NOTE
checkRd: (-1) nonlinearAR1.sim.Rd:8: Lost braces; missing escapes or markup?
8 | of the form z_n = g(z_{n-1}) + epsilon. A normal distribution is assumed for the innovations.
| ^
Flavors: r-devel-linux-x86_64-debian-clang, r-devel-linux-x86_64-debian-gcc, r-devel-linux-x86_64-fedora-clang, r-devel-linux-x86_64-fedora-gcc, r-devel-macos-arm64, r-devel-macos-x86_64, r-devel-windows-x86_64, r-patched-linux-x86_64, r-release-linux-x86_64, r-release-macos-arm64, r-release-macos-x86_64, r-release-windows-x86_64
These binaries (installable software) and packages are in development.
They may not be fully stable and should be used with caution. We make no claims about them.
Health stats visible at Monitor.