CRAN Package Check Results for Package RBE3

Last updated on 2025-05-17 15:50:53 CEST.

Flavor Version Tinstall Tcheck Ttotal Status Flags
r-devel-linux-x86_64-debian-clang 1.1 1.98 23.93 25.91 NOTE
r-devel-linux-x86_64-debian-gcc 1.1 1.54 19.32 20.86 NOTE
r-devel-linux-x86_64-fedora-clang 1.1 43.60 OK
r-devel-linux-x86_64-fedora-gcc 1.1 40.77 OK
r-devel-windows-x86_64 1.1 3.00 53.00 56.00 OK
r-patched-linux-x86_64 1.1 1.89 23.63 25.52 OK
r-release-linux-x86_64 1.1 1.79 23.54 25.33 OK
r-release-macos-arm64 1.1 18.00 OK
r-release-macos-x86_64 1.1 32.00 OK
r-release-windows-x86_64 1.1 3.00 54.00 57.00 OK
r-oldrel-macos-arm64 1.1 16.00 OK
r-oldrel-macos-x86_64 1.1 27.00 OK
r-oldrel-windows-x86_64 1.1 3.00 50.00 53.00 OK

Check Details

Version: 1.1
Check: CRAN incoming feasibility
Result: NOTE Maintainer: ‘Diego Gallardo <dgallardo@ubiobio.cl>’ The Description field contains Gallardo and Saulo <arXiv:2110.04428> The package also provides tools Please refer to arXiv e-prints via their arXiv DOI <doi:10.48550/arXiv.YYMM.NNNNN>. Flavors: r-devel-linux-x86_64-debian-clang, r-devel-linux-x86_64-debian-gcc

These binaries (installable software) and packages are in development.
They may not be fully stable and should be used with caution. We make no claims about them.
Health stats visible at Monitor.