Last updated on 2025-02-23 15:49:54 CET.
Flavor | Version | Tinstall | Tcheck | Ttotal | Status | Flags |
---|---|---|---|---|---|---|
r-devel-linux-x86_64-debian-clang | 0.0.9 | 3.48 | 17.17 | 20.65 | OK | |
r-devel-linux-x86_64-debian-gcc | 0.0.9 | 2.98 | 14.14 | 17.12 | OK | |
r-devel-linux-x86_64-fedora-clang | 0.0.9 | 32.34 | OK | |||
r-devel-linux-x86_64-fedora-gcc | 0.0.9 | 32.43 | OK | |||
r-devel-macos-arm64 | 0.0.9 | 16.00 | OK | |||
r-devel-macos-x86_64 | 0.0.9 | 29.00 | OK | |||
r-patched-linux-x86_64 | 0.0.9 | 3.79 | 16.35 | 20.14 | OK | |
r-release-linux-x86_64 | 0.0.9 | 3.62 | 16.56 | 20.18 | OK | |
r-release-macos-arm64 | 0.0.9 | 16.00 | OK | |||
r-release-macos-x86_64 | 0.0.9 | 22.00 | OK | |||
r-release-windows-x86_64 | 0.0.8 | 8.00 | 39.00 | 47.00 | NOTE | |
r-oldrel-macos-arm64 | 0.0.9 | 20.00 | OK | |||
r-oldrel-macos-x86_64 | 0.0.9 | 31.00 | OK | |||
r-oldrel-windows-x86_64 | 0.0.8 | 8.00 | 40.00 | 48.00 | OK |
Version: 0.0.8
Check: Rd contents
Result: NOTE
Auto-generated content requiring editing in Rd file 'RApiDatetime-package.Rd':
\references: 'This optional section can contain literature or other refere...'
\seealso: 'Optional links to other man pages'
\examples: '# Optional simple examples of the most important functions'
Flavor: r-release-windows-x86_64
These binaries (installable software) and packages are in development.
They may not be fully stable and should be used with caution. We make no claims about them.
Health stats visible at Monitor.