Last updated on 2025-02-23 19:51:17 CET.
Flavor | Version | Tinstall | Tcheck | Ttotal | Status | Flags |
---|---|---|---|---|---|---|
r-devel-windows-x86_64 | 2.2.0 | 3.00 | 41.00 | 44.00 | NOTE | |
r-release-windows-x86_64 | 2.2.0 | 4.00 | 40.00 | 44.00 | NOTE | |
r-oldrel-macos-x86_64 | 2.2.0 | 5.00 | ERROR | |||
r-oldrel-windows-x86_64 | 2.2.0 | 4.00 | 40.00 | 44.00 | NOTE |
Version: 2.2.0
Check: dependencies in R code
Result: NOTE
'library' or 'require' call to 'RDCOMClient' in package code.
Please use :: or requireNamespace() instead.
See section 'Suggested packages' in the 'Writing R Extensions' manual.
Flavors: r-devel-windows-x86_64, r-release-windows-x86_64, r-oldrel-macos-x86_64, r-oldrel-windows-x86_64
Version: 2.2.0
Check: package dependencies
Result: NOTE
Package suggested but not available for checking: 'RDCOMClient'
Flavors: r-release-windows-x86_64, r-oldrel-windows-x86_64
Version: 2.2.0
Check: PDF version of manual
Result: WARN
LaTeX errors when creating PDF version.
This typically indicates Rd problems.
Flavor: r-oldrel-macos-x86_64
Version: 2.2.0
Check: PDF version of manual without index
Result: ERROR
Re-running with no redirection of stdout/stderr.
Flavor: r-oldrel-macos-x86_64
These binaries (installable software) and packages are in development.
They may not be fully stable and should be used with caution. We make no claims about them.
Health stats visible at Monitor.