Last updated on 2025-05-15 07:49:48 CEST.
Flavor | Version | Tinstall | Tcheck | Ttotal | Status | Flags |
---|---|---|---|---|---|---|
r-devel-linux-x86_64-debian-clang | 3.2-3.2.1 | 4.10 | 39.85 | 43.95 | NOTE | |
r-devel-linux-x86_64-debian-gcc | 3.2-3.2.1 | 2.90 | 30.24 | 33.14 | NOTE | |
r-devel-linux-x86_64-fedora-clang | 3.2-3.2.1 | 70.35 | NOTE | |||
r-devel-linux-x86_64-fedora-gcc | 3.2-3.2.1 | 79.60 | NOTE | |||
r-devel-windows-x86_64 | 3.2-3.2.1 | 4.00 | 79.00 | 83.00 | NOTE | |
r-patched-linux-x86_64 | 3.2-3.2.1 | 4.03 | 38.43 | 42.46 | NOTE | |
r-release-linux-x86_64 | 3.2-3.2.1 | 3.38 | 38.52 | 41.90 | NOTE | |
r-release-macos-arm64 | 3.2-3.2.1 | NOTE | ||||
r-release-macos-x86_64 | 3.2-3.2.1 | 63.00 | NOTE | |||
r-release-windows-x86_64 | 3.2-3.2.1 | 4.00 | 81.00 | 85.00 | NOTE | |
r-oldrel-macos-arm64 | 3.2-3.2.1 | 30.00 | NOTE | |||
r-oldrel-macos-x86_64 | 3.2-3.2.1 | 49.00 | NOTE | |||
r-oldrel-windows-x86_64 | 3.2-3.2.1 | 5.00 | 78.00 | 83.00 | NOTE |
Version: 3.2-3.2.1
Check: CRAN incoming feasibility
Result: NOTE
Maintainer: ‘Neal Thomas <snthomas99@gmail.com>’
No Authors@R field in DESCRIPTION.
Please add one, modifying
Authors@R: c(person(given = c("originally", "written", "as", "R2WinBUGS", "by", "Andrew", "Gelman;"),
family = "changes",
role = "aut",
email = "gelman@stat.columbia.edu"),
person(given = c("packaged", "by", "Sibylle"),
family = "Sturtz",
role = "aut",
email = "sturtz@statistik.tu-dortmund.de"),
person(given = c("Uwe", "Ligges.", "With", "considerable", "contributions", "by", "Gregor", "Gorjanc"),
family = "<gregor.gorjanc@bfro.uni-lj.si>",
role = "aut",
email = "gregor.gorjanc@bfro.uni-lj.si"),
person(given = c("Jouni", "Kerman.", "Adapted", "to", "R2OpenBUGS", "from", "R2WinBUGS", "by", "Neal"),
family = "Thomas.",
role = "aut",
email = "kerman@stat.columbia.edu"),
person(given = "Neal",
family = "Thomas",
role = "cre",
email = "snthomas99@gmail.com"))
as necessary.
Package CITATION file contains call(s) to old-style citEntry(). Please
use bibentry() instead.
Flavors: r-devel-linux-x86_64-debian-clang, r-devel-linux-x86_64-debian-gcc
Version: 3.2-3.2.1
Check: R code for possible problems
Result: NOTE
Found the following calls to attach():
File ‘R2OpenBUGS/R/attach.all.R’:
attach(x, name = name)
See section ‘Good practice’ in ‘?attach’.
Flavors: r-devel-linux-x86_64-debian-clang, r-devel-linux-x86_64-debian-gcc, r-patched-linux-x86_64, r-release-linux-x86_64
Version: 3.2-3.2.1
Check: Rd files
Result: NOTE
checkRd: (-1) bugs.Rd:158: Lost braces in \itemize; meant \describe ?
checkRd: (-1) bugs.Rd:163: Lost braces in \itemize; meant \describe ?
checkRd: (-1) bugs.Rd:164: Lost braces in \itemize; meant \describe ?
checkRd: (-1) bugs.Rd:166: Lost braces in \itemize; meant \describe ?
Flavors: r-devel-linux-x86_64-debian-clang, r-devel-linux-x86_64-debian-gcc, r-devel-linux-x86_64-fedora-clang, r-devel-linux-x86_64-fedora-gcc, r-devel-windows-x86_64, r-patched-linux-x86_64, r-release-linux-x86_64, r-release-macos-arm64, r-release-macos-x86_64, r-release-windows-x86_64, r-oldrel-macos-arm64, r-oldrel-macos-x86_64, r-oldrel-windows-x86_64
These binaries (installable software) and packages are in development.
They may not be fully stable and should be used with caution. We make no claims about them.
Health stats visible at Monitor.