Last updated on 2024-05-02 01:57:10 CEST.
Flavor | Version | Tinstall | Tcheck | Ttotal | Status | Flags |
---|---|---|---|---|---|---|
r-devel-linux-x86_64-debian-clang | 2.3.3 | 7.09 | 49.36 | 56.45 | NOTE | |
r-devel-linux-x86_64-debian-gcc | 2.3.3 | 6.35 | 36.13 | 42.48 | NOTE | |
r-devel-linux-x86_64-fedora-clang | 2.3.3 | 70.50 | NOTE | |||
r-devel-linux-x86_64-fedora-gcc | 2.3.3 | 65.64 | NOTE | |||
r-devel-windows-x86_64 | 2.3.3 | 7.00 | 55.00 | 62.00 | NOTE | |
r-patched-linux-x86_64 | 2.3.3 | 8.15 | 47.12 | 55.27 | NOTE | |
r-release-linux-x86_64 | 2.3.3 | 5.66 | 46.55 | 52.21 | NOTE | |
r-release-macos-arm64 | 2.3.3 | 22.00 | NOTE | |||
r-release-windows-x86_64 | 2.3.3 | 8.00 | 55.00 | 63.00 | NOTE | |
r-oldrel-macos-arm64 | 2.3.3 | 24.00 | OK | |||
r-oldrel-macos-x86_64 | 2.3.3 | 37.00 | OK | |||
r-oldrel-windows-x86_64 | 2.3.3 | 10.00 | 60.00 | 70.00 | OK |
Version: 2.3.3
Check: Rd files
Result: NOTE
checkRd: (-1) HTML.data.frame.Rd:54: Lost braces; missing escapes or markup?
54 | \code{getOption("R2HTML.format.decimal.mark")} and {options("R2HTML.format.decimal.mark"=",")}
| ^
Flavors: r-devel-linux-x86_64-debian-clang, r-devel-linux-x86_64-debian-gcc, r-devel-linux-x86_64-fedora-clang, r-devel-linux-x86_64-fedora-gcc, r-devel-windows-x86_64, r-patched-linux-x86_64, r-release-linux-x86_64, r-release-macos-arm64, r-release-windows-x86_64
Version: 2.3.3
Check: Rd line widths
Result: NOTE
Rd file 'HTMLInsertGraph.Rd':
\examples lines wider than 100 characters:
## Not run: plot(table(rpois(100,5)), type = "h", col = "red", lwd=10,main="rpois(100,lambda=5)")
These lines will be truncated in the PDF manual.
Flavors: r-devel-linux-x86_64-debian-clang, r-devel-linux-x86_64-debian-gcc, r-devel-linux-x86_64-fedora-clang, r-devel-linux-x86_64-fedora-gcc, r-patched-linux-x86_64, r-release-linux-x86_64
These binaries (installable software) and packages are in development.
They may not be fully stable and should be used with caution. We make no claims about them.
Health stats visible at Monitor.