Last updated on 2024-05-02 01:57:10 CEST.
Flavor | Version | Tinstall | Tcheck | Ttotal | Status | Flags |
---|---|---|---|---|---|---|
r-devel-linux-x86_64-debian-clang | 1.3-1 | 6.11 | 65.83 | 71.94 | NOTE | |
r-devel-linux-x86_64-debian-gcc | 1.3-1 | 4.31 | 48.19 | 52.50 | NOTE | |
r-devel-linux-x86_64-fedora-clang | 1.3-1 | 88.83 | NOTE | |||
r-devel-linux-x86_64-fedora-gcc | 1.3-1 | 83.24 | NOTE | |||
r-devel-windows-x86_64 | 1.3-1 | 5.00 | 81.00 | 86.00 | NOTE | |
r-patched-linux-x86_64 | 1.3-1 | 5.83 | 63.13 | 68.96 | NOTE | |
r-release-linux-x86_64 | 1.3-1 | 4.38 | 62.61 | 66.99 | NOTE | |
r-release-macos-arm64 | 1.3-1 | 30.00 | NOTE | |||
r-release-windows-x86_64 | 1.3-1 | 6.00 | 80.00 | 86.00 | NOTE | |
r-oldrel-macos-arm64 | 1.3-1 | 29.00 | OK | |||
r-oldrel-macos-x86_64 | 1.3-1 | 70.00 | OK | |||
r-oldrel-windows-x86_64 | 1.3-1 | 7.00 | 84.00 | 91.00 | OK |
Version: 1.3-1
Check: Rd files
Result: NOTE
checkRd: (-1) est.R0.ML.Rd:98: Lost braces
98 | Supplementary Material S1 from \doi{10.1186/1472-6947-12-147}{Obadia et al., 2012}.
| ^
checkRd: (-1) plot.R0.R.Rd:20: Lost braces
20 | Called for side effect. Draws all \eqn{R_{0}} or /eqn{R(t)} values from one estimation method.
| ^
checkRd: (-1) plot.R0.sR.Rd:20: Lost braces
20 | Called for side effect. Draws all \eqn{R_{0}} or /eqn{R(t)} values from an
| ^
Flavors: r-devel-linux-x86_64-debian-clang, r-devel-linux-x86_64-debian-gcc, r-devel-linux-x86_64-fedora-clang, r-devel-linux-x86_64-fedora-gcc, r-devel-windows-x86_64, r-patched-linux-x86_64, r-release-linux-x86_64, r-release-macos-arm64, r-release-windows-x86_64
Version: 1.3-1
Check: Rd cross-references
Result: NOTE
Undeclared package ‘epitools’ in Rd xrefs
Flavor: r-devel-linux-x86_64-fedora-clang
These binaries (installable software) and packages are in development.
They may not be fully stable and should be used with caution. We make no claims about them.
Health stats visible at Monitor.