Last updated on 2025-02-02 07:50:23 CET.
Flavor | Version | Tinstall | Tcheck | Ttotal | Status | Flags |
---|---|---|---|---|---|---|
r-devel-linux-x86_64-debian-clang | 1.3-1 | 4.45 | 51.22 | 55.67 | NOTE | |
r-devel-linux-x86_64-debian-gcc | 1.3-1 | 2.83 | 36.58 | 39.41 | NOTE | |
r-devel-linux-x86_64-fedora-clang | 1.3-1 | 94.10 | NOTE | |||
r-devel-linux-x86_64-fedora-gcc | 1.3-1 | 82.76 | NOTE | |||
r-devel-windows-x86_64 | 1.3-1 | 5.00 | 94.00 | 99.00 | NOTE | |
r-patched-linux-x86_64 | 1.3-1 | 5.40 | 48.26 | 53.66 | NOTE | |
r-release-linux-x86_64 | 1.3-1 | 4.43 | 48.60 | 53.03 | NOTE | |
r-release-macos-arm64 | 1.3-1 | 30.00 | NOTE | |||
r-release-macos-x86_64 | 1.3-1 | 43.00 | NOTE | |||
r-release-windows-x86_64 | 1.3-1 | 5.00 | 79.00 | 84.00 | NOTE | |
r-oldrel-macos-arm64 | 1.3-1 | 29.00 | OK | |||
r-oldrel-macos-x86_64 | 1.3-1 | 70.00 | OK | |||
r-oldrel-windows-x86_64 | 1.3-1 | 6.00 | 89.00 | 95.00 | OK |
Version: 1.3-1
Check: Rd files
Result: NOTE
checkRd: (-1) est.R0.ML.Rd:98: Lost braces
98 | Supplementary Material S1 from \doi{10.1186/1472-6947-12-147}{Obadia et al., 2012}.
| ^
checkRd: (-1) plot.R0.R.Rd:20: Lost braces
20 | Called for side effect. Draws all \eqn{R_{0}} or /eqn{R(t)} values from one estimation method.
| ^
checkRd: (-1) plot.R0.sR.Rd:20: Lost braces
20 | Called for side effect. Draws all \eqn{R_{0}} or /eqn{R(t)} values from an
| ^
Flavors: r-devel-linux-x86_64-debian-clang, r-devel-linux-x86_64-debian-gcc, r-devel-linux-x86_64-fedora-clang, r-devel-linux-x86_64-fedora-gcc, r-devel-windows-x86_64, r-patched-linux-x86_64, r-release-linux-x86_64, r-release-macos-arm64, r-release-macos-x86_64, r-release-windows-x86_64
These binaries (installable software) and packages are in development.
They may not be fully stable and should be used with caution. We make no claims about them.
Health stats visible at Monitor.