Last updated on 2025-05-03 22:50:05 CEST.
Flavor | Version | Tinstall | Tcheck | Ttotal | Status | Flags |
---|---|---|---|---|---|---|
r-devel-linux-x86_64-debian-clang | 1.1.1 | 39.37 | 274.30 | 313.67 | NOTE | |
r-devel-linux-x86_64-debian-gcc | 1.1.1 | 24.20 | 175.85 | 200.05 | NOTE | |
r-devel-linux-x86_64-fedora-clang | 1.1.1 | 530.39 | OK | |||
r-devel-linux-x86_64-fedora-gcc | 1.1.1 | 496.28 | OK | |||
r-devel-windows-x86_64 | 1.1.1 | 41.00 | 261.00 | 302.00 | NOTE | |
r-patched-linux-x86_64 | 1.1.1 | 37.57 | 256.32 | 293.89 | NOTE | |
r-release-linux-x86_64 | NOTE | |||||
r-release-macos-arm64 | 1.1.1 | 161.00 | OK | |||
r-release-macos-x86_64 | 1.1.1 | 285.00 | OK | |||
r-release-windows-x86_64 | 1.1.1 | 36.00 | 259.00 | 295.00 | NOTE | |
r-oldrel-macos-arm64 | 1.1.1 | 174.00 | NOTE | |||
r-oldrel-macos-x86_64 | 1.1.1 | 239.00 | NOTE | |||
r-oldrel-windows-x86_64 | 1.1.1 | 52.00 | 335.00 | 387.00 | NOTE |
Version: 1.1.1
Check: DESCRIPTION meta-information
Result: NOTE
Author field differs from that derived from Authors@R
Author: ‘Nicolas T. Wirth [aut, cre, cph] (<https://orcid.org/0000-0003-0799-1321>), Jonathan Funk [aut] (Co-developer of shiny app.), Matthias Kahm [ctb] (Author of ‘grofit’ package, whose general data structure was adopted for QurvE.), Maik Kschischo [ctb] (Author of ‘grofit’ package, whose general data structure was adopted for QurvE.), Thomas Petzoldt [ctb] (<https://orcid.org/0000-0002-4951-6468>, Creator of the package ‘growthrates’, whose function for calculating linear regressions served as a template in QurvE.), Andrew Stein [ctb] (Creator of ‘xgxr’ package from which QurvE adopted code to plot axis ticks on log10 scale.), Michael W. Kearney [ctb] (Creator of ‘tfse’ package from which QurvE adopted the match_arg function.), Santiago I. Hurtado [ctb] (Creator of ‘RobustLinearReg’ package from which QurvE adopted the Theil Sehn Regression method.), Mark Heckmann [ctb] (Creator of the ‘zipFastener’ function; source: https://ryouready.wordpress.com/2009/03/27/r-zip-fastener-for-two-data-frames-combining-rows-or-columns-of-two-dataframes-in-an-alternating-manner/), Nicholas Hamilton [ctb] (Creator of the ‘colFmt’ function.), Evan Friedland [ctb] (Creator of the ‘inflect’ function.), Heather Turner [ctb] (Creator of the ‘base_breaks’ function.), Georgi N. Boshnakov [ctb] (Creator of ‘gbRd’ package from which functions are used to display function help pages within the shiny app.)’
Authors@R: ‘Nicolas T. Wirth [aut, cre, cph] (ORCID: <https://orcid.org/0000-0003-0799-1321>), Jonathan Funk [aut] (contribution: Co-developer of shiny app.), Matthias Kahm [ctb] (contribution: Author of ‘grofit’ package, whose general data structure was adopted for QurvE.), Maik Kschischo [ctb] (contribution: Author of ‘grofit’ package, whose general data structure was adopted for QurvE.), Thomas Petzoldt [ctb] (ORCID: <https://orcid.org/0000-0002-4951-6468>, contribution: Creator of the package ‘growthrates’, whose function for calculating linear regressions served as a template in QurvE.), Andrew Stein [ctb] (contribution: Creator of ‘xgxr’ package from which QurvE adopted code to plot axis ticks on log10 scale.), Michael W. Kearney [ctb] (contribution: Creator of ‘tfse’ package from which QurvE adopted the match_arg function.), Santiago I. Hurtado [ctb] (contribution: Creator of ‘RobustLinearReg’ package from which QurvE adopted the Theil Sehn Regression method.), Mark Heckmann [ctb] (contribution: Creator of the ‘zipFastener’ function; source: https://ryouready.wordpress.com/2009/03/27/r-zip-fastener-for-two-data-frames-combining-rows-or-columns-of-two-dataframes-in-an-alternating-manner/), Nicholas Hamilton [ctb] (contribution: Creator of the ‘colFmt’ function.), Evan Friedland [ctb] (contribution: Creator of the ‘inflect’ function.), Heather Turner [ctb] (contribution: Creator of the ‘base_breaks’ function.), Georgi N. Boshnakov [ctb] (contribution: Creator of ‘gbRd’ package from which functions are used to display function help pages within the shiny app.)’
Flavors: r-devel-linux-x86_64-debian-clang, r-devel-linux-x86_64-debian-gcc
Version: 1.1.1
Check: Rd cross-references
Result: NOTE
Found the following Rd file(s) with Rd \link{} targets missing package
anchors:
fl.drFitModel.Rd: nlsLM
Please provide package anchors for all Rd \link{} targets not in the
package itself and the base packages.
Flavors: r-devel-linux-x86_64-debian-clang, r-devel-linux-x86_64-debian-gcc, r-devel-windows-x86_64, r-patched-linux-x86_64, r-release-linux-x86_64, r-release-windows-x86_64
Version: 1.1.1
Check: installed package size
Result: NOTE
installed size is 5.3Mb
sub-directories of 1Mb or more:
doc 2.0Mb
shiny_app 1.2Mb
Flavors: r-oldrel-macos-arm64, r-oldrel-macos-x86_64, r-oldrel-windows-x86_64
These binaries (installable software) and packages are in development.
They may not be fully stable and should be used with caution. We make no claims about them.
Health stats visible at Monitor.