CRAN Package Check Results for Package QuickJSR

Last updated on 2025-02-23 19:51:17 CET.

Flavor Version Tinstall Tcheck Ttotal Status Flags
r-devel-linux-x86_64-debian-clang 1.5.1 88.33 22.74 111.07 OK
r-devel-linux-x86_64-debian-gcc 1.5.2 80.70 18.88 99.58 OK
r-devel-linux-x86_64-fedora-clang 1.5.2 198.08 WARN
r-devel-linux-x86_64-fedora-gcc 1.5.2 272.75 OK
r-devel-macos-arm64 1.5.1 67.00 OK
r-devel-macos-x86_64 1.5.2 219.00 OK
r-devel-windows-x86_64 1.5.1 127.00 62.00 189.00 OK
r-patched-linux-x86_64 1.5.1 98.47 21.91 120.38 NOTE
r-release-linux-x86_64 1.5.1 101.35 21.99 123.34 NOTE
r-release-macos-arm64 1.5.1 71.00 NOTE
r-release-macos-x86_64 1.5.2 210.00 NOTE
r-release-windows-x86_64 1.5.1 120.00 62.00 182.00 NOTE
r-oldrel-macos-arm64 1.5.1 85.00 NOTE
r-oldrel-macos-x86_64 1.5.2 174.00 NOTE
r-oldrel-windows-x86_64 1.5.1 123.00 65.00 188.00 NOTE

Check Details

Version: 1.5.2
Check: whether package can be installed
Result: WARN Found the following significant warnings: ../inst/include/cpp11/R.hpp:54:31: warning: identifier '_xl' preceded by whitespace in a literal operator declaration is deprecated [-Wdeprecated-literal-operator] ../inst/include/cpp11/named_arg.hpp:44:29: warning: identifier '_nm' preceded by whitespace in a literal operator declaration is deprecated [-Wdeprecated-literal-operator] See ‘/data/gannet/ripley/R/packages/tests-clang/QuickJSR.Rcheck/00install.out’ for details. * used C compiler: ‘clang version 20.1.0-rc2’ * used C++ compiler: ‘clang version 20.1.0-rc2’ Flavor: r-devel-linux-x86_64-fedora-clang

Version: 1.5.1
Check: for GNU extensions in Makefiles
Result: NOTE GNU make is a SystemRequirements. Flavors: r-patched-linux-x86_64, r-release-linux-x86_64, r-release-macos-arm64, r-release-windows-x86_64, r-oldrel-macos-arm64, r-oldrel-windows-x86_64

Version: 1.5.1
Check: installed package size
Result: NOTE installed size is 9.8Mb sub-directories of 1Mb or more: lib 6.8Mb libs 2.2Mb Flavors: r-release-macos-arm64, r-oldrel-macos-arm64

Version: 1.5.2
Check: installed package size
Result: NOTE installed size is 9.6Mb sub-directories of 1Mb or more: lib 6.6Mb libs 2.2Mb Flavors: r-release-macos-x86_64, r-oldrel-macos-x86_64

Version: 1.5.2
Check: for GNU extensions in Makefiles
Result: NOTE GNU make is a SystemRequirements. Flavors: r-release-macos-x86_64, r-oldrel-macos-x86_64

These binaries (installable software) and packages are in development.
They may not be fully stable and should be used with caution. We make no claims about them.
Health stats visible at Monitor.