CRAN Package Check Results for Package QuantBondCurves

Last updated on 2025-07-07 05:49:47 CEST.

Flavor Version Tinstall Tcheck Ttotal Status Flags
r-devel-linux-x86_64-debian-clang 0.3.1 3.73 294.90 298.63 OK
r-devel-linux-x86_64-debian-gcc 0.3.2 3.07 180.72 183.79 OK
r-devel-linux-x86_64-fedora-clang 0.3.2 504.92 OK
r-devel-linux-x86_64-fedora-gcc 0.3.1 ERROR
r-devel-windows-x86_64 0.3.1 5.00 298.00 303.00 OK
r-patched-linux-x86_64 0.3.1 5.40 279.23 284.63 OK
r-release-linux-x86_64 0.3.1 4.01 275.82 279.83 OK
r-release-macos-arm64 0.3.1 130.00 OK
r-release-macos-x86_64 0.3.2 287.00 OK
r-release-windows-x86_64 0.3.2 6.00 287.00 293.00 OK
r-oldrel-macos-arm64 0.3.1 132.00 OK
r-oldrel-macos-x86_64 0.3.2 270.00 OK
r-oldrel-windows-x86_64 0.3.2 7.00 281.00 288.00 OK

Additional issues

M1mac

Check Details

Version: 0.3.1
Check: tests
Result: ERROR Running ‘testthat.R’ [267s/342s] Running the tests in ‘tests/testthat.R’ failed. Complete output: > # This file is part of the standard setup for testthat. > # It is recommended that you do not modify it. > # > # Where should you do additional test configuration? > # Learn more about the roles of various files in: > # * https://r-pkgs.org/tests.html > # * https://testthat.r-lib.org/reference/test_package.html#special-files > > library(testthat) > library(QuantBondCurves) > > test_check("QuantBondCurves") [ FAIL 1 | WARN 0 | SKIP 8 | PASS 173 ] ══ Skipped tests (8) ═══════════════════════════════════════════════════════════ • On CRAN (2): 'test-curvefunctions.R:77:3', 'test-curvefunctions.R:88:3' • Test is for plotting curves (2): 'test-CurveCalibration.R:242:3', 'test-CurveCalibration.R:341:3' • Test is for plotting the forward curve (1): 'test-curvefunctions.R:35:3' • Test is for plotting the spot constant curve (1): 'test-curvefunctions.R:137:3' • Test is for plotting the spot linear curve (1): 'test-curvefunctions.R:109:3' • Test is to construct the plot of basis curve (1): 'test-bondValuation.R:700:3' ══ Failed tests ════════════════════════════════════════════════════════════════ ── Failure ('test-generalFunctions.R:221:13'): If coupon.rate is not a unique number or doesn't has the same length as coupon dates, a warning message has to emerge ── `coupons(...)` did not throw the expected error. [ FAIL 1 | WARN 0 | SKIP 8 | PASS 173 ] Error: Test failures Execution halted Flavor: r-devel-linux-x86_64-fedora-gcc

These binaries (installable software) and packages are in development.
They may not be fully stable and should be used with caution. We make no claims about them.
Health stats visible at Monitor.