Last updated on 2025-02-23 13:51:22 CET.
Flavor | Version | Tinstall | Tcheck | Ttotal | Status | Flags |
---|---|---|---|---|---|---|
r-devel-linux-x86_64-debian-clang | 1.5.9 | 28.25 | 119.04 | 147.29 | NOTE | |
r-devel-linux-x86_64-debian-gcc | 1.5.9 | 20.86 | 83.65 | 104.51 | NOTE | |
r-devel-linux-x86_64-fedora-clang | 1.5.9 | 242.46 | OK | |||
r-devel-linux-x86_64-fedora-gcc | 1.5.9 | 252.37 | OK | |||
r-devel-macos-arm64 | 1.5.9 | 67.00 | OK | |||
r-devel-macos-x86_64 | 1.5.9 | 127.00 | OK | |||
r-devel-windows-x86_64 | 1.5.9 | 33.00 | 141.00 | 174.00 | NOTE | |
r-patched-linux-x86_64 | 1.5.9 | 34.43 | 109.20 | 143.63 | OK | |
r-release-linux-x86_64 | 1.5.9 | 30.13 | 111.35 | 141.48 | OK | |
r-release-macos-arm64 | 1.5.9 | 59.00 | OK | |||
r-release-macos-x86_64 | 1.5.9 | 97.00 | OK | |||
r-release-windows-x86_64 | 1.5.9 | 33.00 | 143.00 | 176.00 | OK | |
r-oldrel-macos-arm64 | 1.5.9 | 78.00 | OK | |||
r-oldrel-macos-x86_64 | 1.5.9 | 149.00 | OK | |||
r-oldrel-windows-x86_64 | 1.5.9 | 41.00 | 177.00 | 218.00 | OK |
Version: 1.5.9
Check: Rd cross-references
Result: NOTE
Found the following Rd file(s) with Rd \link{} targets missing package
anchors:
KhmaladzeFormat.Rd: KhmaladzeTest
cmidecdf.Rd: npcdistbw
mice.impute.rq.Rd: rq
midrqControl.Rd: npcdistbw
qlss.Rd: rq
rq.counts.Rd: rq
rrq.Rd: rq
sparsity.rqt.Rd: rq
summary.rqt.Rd: summary.rq, boot
summary.rrq.Rd: boot
tsrq.Rd: rq
Please provide package anchors for all Rd \link{} targets not in the
package itself and the base packages.
Flavors: r-devel-linux-x86_64-debian-clang, r-devel-linux-x86_64-debian-gcc, r-devel-windows-x86_64
These binaries (installable software) and packages are in development.
They may not be fully stable and should be used with caution. We make no claims about them.
Health stats visible at Monitor.