Last updated on 2025-02-02 07:50:22 CET.
Flavor | Version | Tinstall | Tcheck | Ttotal | Status | Flags |
---|---|---|---|---|---|---|
r-devel-linux-x86_64-debian-clang | 1.2 | 13.43 | 126.53 | 139.96 | NOTE | |
r-devel-linux-x86_64-debian-gcc | 1.2 | 8.76 | 84.77 | 93.53 | NOTE | |
r-devel-linux-x86_64-fedora-clang | 1.2 | 232.16 | OK | |||
r-devel-linux-x86_64-fedora-gcc | 1.2 | 218.90 | OK | |||
r-devel-windows-x86_64 | 1.2 | 13.00 | 129.00 | 142.00 | NOTE | |
r-patched-linux-x86_64 | 1.2 | 15.68 | 117.31 | 132.99 | OK | |
r-release-linux-x86_64 | 1.2 | 12.39 | 116.99 | 129.38 | OK | |
r-release-macos-arm64 | 1.2 | 48.00 | OK | |||
r-release-macos-x86_64 | 1.2 | 86.00 | OK | |||
r-release-windows-x86_64 | 1.2 | 15.00 | 128.00 | 143.00 | OK | |
r-oldrel-macos-arm64 | 1.2 | 55.00 | OK | |||
r-oldrel-macos-x86_64 | 1.2 | 98.00 | OK | |||
r-oldrel-windows-x86_64 | 1.2 | 16.00 | 153.00 | 169.00 | OK |
Version: 1.2
Check: Rd cross-references
Result: NOTE
Found the following Rd file(s) with Rd \link{} targets missing package
anchors:
AHeVT.Rd: truncSP
AHeVXT.Rd: truncSP
QRIndiv.Rd: truncSP
QRSimul.Rd: truncSP
QRStepwise.Rd: truncSP
QRWSimul.Rd: truncSP
simul_shapetest.Rd: truncSP
Please provide package anchors for all Rd \link{} targets not in the
package itself and the base packages.
Flavors: r-devel-linux-x86_64-debian-clang, r-devel-linux-x86_64-debian-gcc, r-devel-windows-x86_64
These binaries (installable software) and packages are in development.
They may not be fully stable and should be used with caution. We make no claims about them.
Health stats visible at Monitor.