Last updated on 2025-05-18 01:50:38 CEST.
Flavor | Version | Tinstall | Tcheck | Ttotal | Status | Flags |
---|---|---|---|---|---|---|
r-devel-linux-x86_64-debian-clang | 0.1.2 | 6.93 | 47.36 | 54.29 | NOTE | |
r-devel-linux-x86_64-debian-gcc | 0.1.2 | 4.16 | 32.96 | 37.12 | NOTE | |
r-devel-linux-x86_64-fedora-clang | 0.1.2 | 84.70 | OK | |||
r-devel-linux-x86_64-fedora-gcc | 0.1.2 | 78.69 | OK | |||
r-devel-windows-x86_64 | 0.1.2 | 8.00 | 68.00 | 76.00 | OK | |
r-patched-linux-x86_64 | 0.1.2 | 6.71 | 43.39 | 50.10 | OK | |
r-release-linux-x86_64 | 0.1.2 | 6.67 | 43.38 | 50.05 | OK | |
r-release-macos-arm64 | 0.1.2 | 27.00 | OK | |||
r-release-macos-x86_64 | 0.1.2 | 53.00 | OK | |||
r-release-windows-x86_64 | 0.1.2 | 8.00 | 70.00 | 78.00 | OK | |
r-oldrel-macos-arm64 | 0.1.2 | 27.00 | NOTE | |||
r-oldrel-macos-x86_64 | 0.1.2 | 38.00 | NOTE | |||
r-oldrel-windows-x86_64 | 0.1.2 | 10.00 | 80.00 | 90.00 | NOTE |
Version: 0.1.2
Check: CRAN incoming feasibility
Result: NOTE
Maintainer: ‘Indranil Ghosh <indranilg49@gmail.com>’
No Authors@R field in DESCRIPTION.
Please add one, modifying
Authors@R: person(given = "Indranil",
family = "Ghosh",
role = c("aut", "cre"),
email = "indranilg49@gmail.com")
as necessary.
The Description field contains
theoretic models (Flitney and Abbott 2002) <arXiv:quant-ph/0208069>.
1998) <arXiv:quant-ph/9804010>, Prisoner's Dilemma (J. Orlin Grabbe
2005) <arXiv:quant-ph/0506219>, Two Person Duel (Flitney and Abbott
2004) <arXiv:quant-ph/0305058>, Battle of the Sexes (Nawaz and Toor
2004) <arXiv:quant-ph/0110096>, Hawk and Dove Game (Nawaz and Toor
2010) <arXiv:quant-ph/0108075>, Newcomb's Paradox (Piotrowski and
Sladkowski 2002) <arXiv:quant-ph/0202074> and Monty Hall Problem
(Flitney and Abbott 2002) <arXiv:quant-ph/0109035>.
Please refer to arXiv e-prints via their arXiv DOI <doi:10.48550/arXiv.YYMM.NNNNN>.
Flavors: r-devel-linux-x86_64-debian-clang, r-devel-linux-x86_64-debian-gcc
Version: 0.1.2
Check: LazyData
Result: NOTE
'LazyData' is specified without a 'data' directory
Flavors: r-oldrel-macos-arm64, r-oldrel-macos-x86_64, r-oldrel-windows-x86_64
These binaries (installable software) and packages are in development.
They may not be fully stable and should be used with caution. We make no claims about them.
Health stats visible at Monitor.