CRAN Package Check Results for Package QCGWAS

Last updated on 2025-05-15 11:50:11 CEST.

Flavor Version Tinstall Tcheck Ttotal Status Flags
r-devel-linux-x86_64-debian-clang 1.0-9 12.87 52.07 64.94 NOTE
r-devel-linux-x86_64-debian-gcc 1.0-9 7.99 35.49 43.48 NOTE
r-devel-linux-x86_64-fedora-clang 1.0-9 105.22 OK
r-devel-linux-x86_64-fedora-gcc 1.0-9 96.80 OK
r-devel-windows-x86_64 1.0-9 13.00 69.00 82.00 OK
r-patched-linux-x86_64 1.0-9 14.20 49.99 64.19 OK
r-release-linux-x86_64 1.0-9 12.56 50.53 63.09 OK
r-release-macos-arm64 1.0-9 33.00 OK
r-release-macos-x86_64 1.0-9 54.00 OK
r-release-windows-x86_64 1.0-9 12.00 70.00 82.00 OK
r-oldrel-macos-arm64 1.0-9 32.00 OK
r-oldrel-macos-x86_64 1.0-9 42.00 OK
r-oldrel-windows-x86_64 1.0-9 14.00 67.00 81.00 OK

Check Details

Version: 1.0-9
Check: CRAN incoming feasibility
Result: NOTE Maintainer: ‘Peter J. van der Most <p.j.van.der.most@umcg.nl>’ No Authors@R field in DESCRIPTION. Please add one, modifying Authors@R: c(person(given = c("Peter", "J."), family = "van der Most", role = c("aut", "cre"), email = "p.j.van.der.most@umcg.nl"), person(given = c("Ilja", "M."), family = "Nolte", role = "aut")) as necessary. Package CITATION file contains call(s) to old-style citEntry(). Please use bibentry() instead. Flavors: r-devel-linux-x86_64-debian-clang, r-devel-linux-x86_64-debian-gcc

These binaries (installable software) and packages are in development.
They may not be fully stable and should be used with caution. We make no claims about them.
Health stats visible at Monitor.