Last updated on 2025-02-23 19:51:16 CET.
Flavor | Version | Tinstall | Tcheck | Ttotal | Status | Flags |
---|---|---|---|---|---|---|
r-devel-linux-x86_64-debian-clang | 0.3.6 | 5.37 | 40.66 | 46.03 | NOTE | |
r-devel-linux-x86_64-debian-gcc | 0.3.6 | 4.24 | 31.01 | 35.25 | NOTE | |
r-devel-linux-x86_64-fedora-clang | 0.3.6 | 72.51 | NOTE | |||
r-devel-linux-x86_64-fedora-gcc | 0.3.6 | 68.39 | NOTE | |||
r-devel-macos-arm64 | 0.3.6 | 24.00 | NOTE | |||
r-devel-macos-x86_64 | 0.3.6 | 43.00 | NOTE | |||
r-devel-windows-x86_64 | 0.3.6 | 7.00 | 58.00 | 65.00 | NOTE | |
r-patched-linux-x86_64 | 0.3.6 | 4.83 | 38.11 | 42.94 | NOTE | |
r-release-linux-x86_64 | 0.3.6 | 5.21 | 38.82 | 44.03 | NOTE | |
r-release-macos-arm64 | 0.3.6 | 23.00 | NOTE | |||
r-release-macos-x86_64 | 0.3.6 | 35.00 | NOTE | |||
r-release-windows-x86_64 | 0.3.6 | 6.00 | 56.00 | 62.00 | NOTE | |
r-oldrel-macos-arm64 | 0.3.6 | 25.00 | OK | |||
r-oldrel-macos-x86_64 | 0.3.6 | 37.00 | OK | |||
r-oldrel-windows-x86_64 | 0.3.6 | 8.00 | 66.00 | 74.00 | OK |
Version: 0.3.6
Check: Rd files
Result: NOTE
checkRd: (-1) plotWordCloud.Rd:5: Lost braces; missing escapes or markup?
5 | \title{PubMed wordcloud using function 'wordcloud' of package {wordcloud}}
| ^
checkRd: (-1) plotWordCloud.Rd:32: Lost braces; missing escapes or markup?
32 | This function just call 'wordcloud' from package {wordcloud}. See package {wordcloud} for more details about the parameters.
| ^
checkRd: (-1) plotWordCloud.Rd:32: Lost braces; missing escapes or markup?
32 | This function just call 'wordcloud' from package {wordcloud}. See package {wordcloud} for more details about the parameters.
| ^
Flavors: r-devel-linux-x86_64-debian-clang, r-devel-linux-x86_64-debian-gcc, r-devel-linux-x86_64-fedora-clang, r-devel-linux-x86_64-fedora-gcc, r-devel-macos-arm64, r-devel-macos-x86_64, r-devel-windows-x86_64, r-patched-linux-x86_64, r-release-linux-x86_64, r-release-macos-arm64, r-release-macos-x86_64, r-release-windows-x86_64
These binaries (installable software) and packages are in development.
They may not be fully stable and should be used with caution. We make no claims about them.
Health stats visible at Monitor.