CRAN Package Check Results for Package Pstat

Last updated on 2025-05-15 07:49:48 CEST.

Flavor Version Tinstall Tcheck Ttotal Status Flags
r-devel-linux-x86_64-debian-clang 1.2 3.04 34.37 37.41 NOTE
r-devel-linux-x86_64-debian-gcc 1.2 1.98 24.47 26.45 NOTE
r-devel-linux-x86_64-fedora-clang 1.2 60.00 OK
r-devel-linux-x86_64-fedora-gcc 1.2 56.96 OK
r-devel-windows-x86_64 1.2 3.00 54.00 57.00 OK
r-patched-linux-x86_64 1.2 2.94 32.44 35.38 OK
r-release-linux-x86_64 1.2 2.59 32.18 34.77 OK
r-release-macos-arm64 1.2 OK
r-release-macos-x86_64 1.2 51.00 OK
r-release-windows-x86_64 1.2 4.00 55.00 59.00 OK
r-oldrel-macos-arm64 1.2 23.00 OK
r-oldrel-macos-x86_64 1.2 42.00 OK
r-oldrel-windows-x86_64 1.2 4.00 54.00 58.00 OK

Check Details

Version: 1.2
Check: CRAN incoming feasibility
Result: NOTE Maintainer: ‘Blondeau Da Silva Stephane <blondeaudasilva@xlim.fr>’ No Authors@R field in DESCRIPTION. Please add one, modifying Authors@R: c(person(given = c("Blondeau", "Da", "Silva"), family = "Stephane.", role = "aut"), person(given = c("Blondeau", "Da", "Silva"), family = "Stephane", role = "cre", email = "blondeaudasilva@xlim.fr")) as necessary. Flavors: r-devel-linux-x86_64-debian-clang, r-devel-linux-x86_64-debian-gcc

These binaries (installable software) and packages are in development.
They may not be fully stable and should be used with caution. We make no claims about them.
Health stats visible at Monitor.