Last updated on 2025-02-23 15:49:53 CET.
Flavor | Version | Tinstall | Tcheck | Ttotal | Status | Flags |
---|---|---|---|---|---|---|
r-devel-linux-x86_64-debian-clang | 1.0.4.5 | 1993.70 | 194.05 | 2187.75 | OK | |
r-devel-linux-x86_64-debian-gcc | 1.0.4.5 | 1789.56 | 282.69 | 2072.25 | OK | |
r-devel-linux-x86_64-fedora-clang | 1.0.4.5 | 3575.92 | OK | |||
r-devel-linux-x86_64-fedora-gcc | 1.0.4.5 | 3648.72 | OK | |||
r-devel-macos-arm64 | 1.0.4.5 | 468.00 | OK | |||
r-devel-macos-x86_64 | 1.0.4.5 | 513.00 | OK | |||
r-devel-windows-x86_64 | 1.0.4.5 | 1683.00 | 350.00 | 2033.00 | OK | |
r-patched-linux-x86_64 | 1.0.4.5 | 2242.20 | 377.38 | 2619.58 | NOTE | |
r-release-linux-x86_64 | 1.0.4.5 | 2316.45 | 375.82 | 2692.27 | NOTE | |
r-release-macos-arm64 | 1.0.4.5 | 545.00 | NOTE | |||
r-release-macos-x86_64 | 1.0.4.5 | 551.00 | NOTE | |||
r-release-windows-x86_64 | 1.0.4.5 | 1817.00 | 337.00 | 2154.00 | NOTE | |
r-oldrel-macos-arm64 | 1.0.4.4 | 728.00 | NOTE | |||
r-oldrel-macos-x86_64 | 1.0.4.5 | 627.00 | NOTE | |||
r-oldrel-windows-x86_64 | 1.0.4.5 | 2444.00 | 441.00 | 2885.00 | NOTE |
Version: 1.0.4.5
Check: for GNU extensions in Makefiles
Result: NOTE
GNU make is a SystemRequirements.
Flavors: r-patched-linux-x86_64, r-release-linux-x86_64, r-release-macos-arm64, r-release-macos-x86_64, r-release-windows-x86_64, r-oldrel-macos-x86_64, r-oldrel-windows-x86_64
Version: 1.0.4.5
Check: installed package size
Result: NOTE
installed size is 227.0Mb
sub-directories of 1Mb or more:
libs 225.8Mb
Flavors: r-release-macos-arm64, r-release-macos-x86_64, r-release-windows-x86_64, r-oldrel-macos-x86_64, r-oldrel-windows-x86_64
Version: 1.0.4.4
Check: installed package size
Result: NOTE
installed size is 227.4Mb
sub-directories of 1Mb or more:
libs 226.2Mb
Flavor: r-oldrel-macos-arm64
Version: 1.0.4.4
Check: for GNU extensions in Makefiles
Result: NOTE
GNU make is a SystemRequirements.
Flavor: r-oldrel-macos-arm64
These binaries (installable software) and packages are in development.
They may not be fully stable and should be used with caution. We make no claims about them.
Health stats visible at Monitor.