Last updated on 2025-02-02 05:48:32 CET.
Flavor | Version | Tinstall | Tcheck | Ttotal | Status | Flags |
---|---|---|---|---|---|---|
r-devel-linux-x86_64-debian-clang | 2.0 | 2.77 | 33.23 | 36.00 | NOTE | |
r-devel-linux-x86_64-debian-gcc | 2.0 | 1.98 | 26.38 | 28.36 | NOTE | |
r-devel-linux-x86_64-fedora-clang | 2.0 | 63.51 | NOTE | |||
r-devel-linux-x86_64-fedora-gcc | 2.0 | 70.79 | NOTE | |||
r-devel-windows-x86_64 | 2.0 | 4.00 | 54.00 | 58.00 | NOTE | |
r-patched-linux-x86_64 | 2.0 | 3.05 | 31.88 | 34.93 | NOTE | |
r-release-linux-x86_64 | 2.0 | 2.81 | 32.07 | 34.88 | NOTE | |
r-release-macos-arm64 | 2.0 | 27.00 | NOTE | |||
r-release-macos-x86_64 | 2.0 | 41.00 | NOTE | |||
r-release-windows-x86_64 | 2.0 | 3.00 | 53.00 | 56.00 | NOTE | |
r-oldrel-macos-arm64 | 2.0 | 25.00 | OK | |||
r-oldrel-macos-x86_64 | 2.0 | 44.00 | OK | |||
r-oldrel-windows-x86_64 | 2.0 | 4.00 | 54.00 | 58.00 | OK |
Version: 2.0
Check: Rd files
Result: NOTE
checkRd: (-1) findbeta.Rd:20: Lost braces; missing escapes or markup?
20 | \item{lower.v}{logical, if TRUE the specified percentile.value is the upper limit for the mean (or the median or the mode) at the specified confidence level (percentile). If {FALSE} the specified percentile.value is the lower limit for the mean (or the median or the mode) at the specified confidence level (percentile). The default is FALSE.}
| ^
Flavors: r-devel-linux-x86_64-debian-clang, r-devel-linux-x86_64-debian-gcc, r-devel-linux-x86_64-fedora-clang, r-devel-linux-x86_64-fedora-gcc, r-devel-windows-x86_64, r-patched-linux-x86_64, r-release-linux-x86_64, r-release-macos-arm64, r-release-macos-x86_64, r-release-windows-x86_64
These binaries (installable software) and packages are in development.
They may not be fully stable and should be used with caution. We make no claims about them.
Health stats visible at Monitor.