Last updated on 2025-02-23 15:49:53 CET.
Flavor | Version | Tinstall | Tcheck | Ttotal | Status | Flags |
---|---|---|---|---|---|---|
r-devel-linux-x86_64-debian-clang | 3.1.7 | 3.67 | 35.38 | 39.05 | NOTE | |
r-devel-linux-x86_64-debian-gcc | 3.1.7 | 2.77 | 28.70 | 31.47 | NOTE | |
r-devel-linux-x86_64-fedora-clang | 3.1.7 | 62.70 | NOTE | |||
r-devel-linux-x86_64-fedora-gcc | 3.1.7 | 73.97 | NOTE | |||
r-devel-macos-arm64 | 3.1.7 | 29.00 | OK | |||
r-devel-macos-x86_64 | 3.1.7 | 53.00 | NOTE | |||
r-devel-windows-x86_64 | 3.1.7 | 4.00 | 70.00 | 74.00 | NOTE | |
r-patched-linux-x86_64 | 3.1.7 | 3.81 | 33.91 | 37.72 | OK | |
r-release-linux-x86_64 | 3.1.7 | 3.01 | 34.07 | 37.08 | OK | |
r-release-macos-arm64 | 3.1.7 | 29.00 | OK | |||
r-release-macos-x86_64 | 3.1.7 | 42.00 | OK | |||
r-release-windows-x86_64 | 3.1.7 | 4.00 | 69.00 | 73.00 | OK | |
r-oldrel-macos-arm64 | 3.1.7 | 33.00 | OK | |||
r-oldrel-macos-x86_64 | 3.1.7 | 43.00 | OK | |||
r-oldrel-windows-x86_64 | 3.1.7 | 4.00 | 67.00 | 71.00 | OK |
Version: 3.1.7
Check: tests
Result: NOTE
Running ‘test01-utility.R’ [1s/1s]
Comparing ‘test01-utility.Rout’ to ‘test01-utility.Rout.save’ ... OK
Running ‘test03-channel-type.R’ [0s/1s]
Comparing ‘test03-channel-type.Rout’ to ‘test03-channel-type.Rout.save’ ... OK
Running ‘test04-channel.R’ [1s/2s]
Comparing ‘test04-channel.Rout’ to ‘test04-channel.Rout.save’ ...42c42
< 0.2436 280.0141 675.7335 987.6435 1355.5114 9630.5918
---
> 0.244 280.014 675.734 987.643 1355.511 9630.592
Running ‘test05-processor.R’ [1s/1s]
Comparing ‘test05-processor.Rout’ to ‘test05-processor.Rout.save’ ... OK
Running ‘test06-pipeline.R’ [1s/1s]
Comparing ‘test06-pipeline.Rout’ to ‘test06-pipeline.Rout.save’ ... OK
Running ‘test07-complete-channel.R’ [1s/1s]
Comparing ‘test07-complete-channel.Rout’ to ‘test07-complete-channel.Rout.save’ ...22,27c22,27
< Min. :6.560e-02 Min. :33.61 Min. : 0.0
< 1st Qu.:2.855e+02 1st Qu.:55.95 1st Qu.: 225.7
< Median :6.874e+02 Median :60.01 Median : 626.7
< Mean :1.003e+03 Mean :59.99 Mean : 944.6
< 3rd Qu.:1.396e+03 3rd Qu.:64.07 3rd Qu.: 1336.5
< Max. :1.178e+04 Max. :85.24 Max. :11718.9
---
> Min. : 0.066 Min. :33.61 Min. : 0.0
> 1st Qu.: 285.474 1st Qu.:55.95 1st Qu.: 225.7
> Median : 687.351 Median :60.01 Median : 626.7
> Mean : 1002.718 Mean :59.99 Mean : 944.6
> 3rd Qu.: 1395.736 3rd Qu.:64.07 3rd Qu.: 1336.5
> Max. :11776.787 Max. :85.24 Max. :11718.9
Flavor: r-devel-linux-x86_64-debian-clang
Version: 3.1.7
Check: tests
Result: NOTE
Running ‘test01-utility.R’ [1s/1s]
Comparing ‘test01-utility.Rout’ to ‘test01-utility.Rout.save’ ... OK
Running ‘test03-channel-type.R’ [0s/1s]
Comparing ‘test03-channel-type.Rout’ to ‘test03-channel-type.Rout.save’ ... OK
Running ‘test04-channel.R’ [1s/1s]
Comparing ‘test04-channel.Rout’ to ‘test04-channel.Rout.save’ ...42c42
< 0.2436 280.0141 675.7335 987.6435 1355.5114 9630.5918
---
> 0.244 280.014 675.734 987.643 1355.511 9630.592
Running ‘test05-processor.R’ [1s/1s]
Comparing ‘test05-processor.Rout’ to ‘test05-processor.Rout.save’ ... OK
Running ‘test06-pipeline.R’ [1s/1s]
Comparing ‘test06-pipeline.Rout’ to ‘test06-pipeline.Rout.save’ ... OK
Running ‘test07-complete-channel.R’ [1s/1s]
Comparing ‘test07-complete-channel.Rout’ to ‘test07-complete-channel.Rout.save’ ...22,27c22,27
< Min. :6.560e-02 Min. :33.61 Min. : 0.0
< 1st Qu.:2.855e+02 1st Qu.:55.95 1st Qu.: 225.7
< Median :6.874e+02 Median :60.01 Median : 626.7
< Mean :1.003e+03 Mean :59.99 Mean : 944.6
< 3rd Qu.:1.396e+03 3rd Qu.:64.07 3rd Qu.: 1336.5
< Max. :1.178e+04 Max. :85.24 Max. :11718.9
---
> Min. : 0.066 Min. :33.61 Min. : 0.0
> 1st Qu.: 285.474 1st Qu.:55.95 1st Qu.: 225.7
> Median : 687.351 Median :60.01 Median : 626.7
> Mean : 1002.718 Mean :59.99 Mean : 944.6
> 3rd Qu.: 1395.736 3rd Qu.:64.07 3rd Qu.: 1336.5
> Max. :11776.787 Max. :85.24 Max. :11718.9
Flavor: r-devel-linux-x86_64-debian-gcc
Version: 3.1.7
Check: tests
Result: NOTE
Running ‘test01-utility.R’
Comparing ‘test01-utility.Rout’ to ‘test01-utility.Rout.save’ ... OK
Running ‘test03-channel-type.R’
Comparing ‘test03-channel-type.Rout’ to ‘test03-channel-type.Rout.save’ ... OK
Running ‘test04-channel.R’
Comparing ‘test04-channel.Rout’ to ‘test04-channel.Rout.save’ ...42c42
< 0.2436 280.0141 675.7335 987.6435 1355.5114 9630.5918
---
> 0.244 280.014 675.734 987.643 1355.511 9630.592
Running ‘test05-processor.R’
Comparing ‘test05-processor.Rout’ to ‘test05-processor.Rout.save’ ... OK
Running ‘test06-pipeline.R’
Comparing ‘test06-pipeline.Rout’ to ‘test06-pipeline.Rout.save’ ... OK
Running ‘test07-complete-channel.R’
Comparing ‘test07-complete-channel.Rout’ to ‘test07-complete-channel.Rout.save’ ...22,27c22,27
< Min. :6.560e-02 Min. :33.61 Min. : 0.0
< 1st Qu.:2.855e+02 1st Qu.:55.95 1st Qu.: 225.7
< Median :6.874e+02 Median :60.01 Median : 626.7
< Mean :1.003e+03 Mean :59.99 Mean : 944.6
< 3rd Qu.:1.396e+03 3rd Qu.:64.07 3rd Qu.: 1336.5
< Max. :1.178e+04 Max. :85.24 Max. :11718.9
---
> Min. : 0.066 Min. :33.61 Min. : 0.0
> 1st Qu.: 285.474 1st Qu.:55.95 1st Qu.: 225.7
> Median : 687.351 Median :60.01 Median : 626.7
> Mean : 1002.718 Mean :59.99 Mean : 944.6
> 3rd Qu.: 1395.736 3rd Qu.:64.07 3rd Qu.: 1336.5
> Max. :11776.787 Max. :85.24 Max. :11718.9
Flavors: r-devel-linux-x86_64-fedora-clang, r-devel-linux-x86_64-fedora-gcc
Version: 3.1.7
Check: tests
Result: NOTE
Running ‘test01-utility.R’ [1s/1s]
Comparing ‘test01-utility.Rout’ to ‘test01-utility.Rout.save’ ... OK
Running ‘test03-channel-type.R’ [0s/0s]
Comparing ‘test03-channel-type.Rout’ to ‘test03-channel-type.Rout.save’ ... OK
Running ‘test04-channel.R’ [1s/1s]
Comparing ‘test04-channel.Rout’ to ‘test04-channel.Rout.save’ ...42c42
< 0.2436 280.0141 675.7335 987.6435 1355.5114 9630.5918
---
> 0.244 280.014 675.734 987.643 1355.511 9630.592
Running ‘test05-processor.R’ [1s/1s]
Comparing ‘test05-processor.Rout’ to ‘test05-processor.Rout.save’ ... OK
Running ‘test06-pipeline.R’ [1s/1s]
Comparing ‘test06-pipeline.Rout’ to ‘test06-pipeline.Rout.save’ ... OK
Running ‘test07-complete-channel.R’ [1s/1s]
Comparing ‘test07-complete-channel.Rout’ to ‘test07-complete-channel.Rout.save’ ...22,27c22,27
< Min. :6.560e-02 Min. :33.61 Min. : 0.0
< 1st Qu.:2.855e+02 1st Qu.:55.95 1st Qu.: 225.7
< Median :6.874e+02 Median :60.01 Median : 626.7
< Mean :1.003e+03 Mean :59.99 Mean : 944.6
< 3rd Qu.:1.396e+03 3rd Qu.:64.07 3rd Qu.: 1336.5
< Max. :1.178e+04 Max. :85.24 Max. :11718.9
---
> Min. : 0.066 Min. :33.61 Min. : 0.0
> 1st Qu.: 285.474 1st Qu.:55.95 1st Qu.: 225.7
> Median : 687.351 Median :60.01 Median : 626.7
> Mean : 1002.718 Mean :59.99 Mean : 944.6
> 3rd Qu.: 1395.736 3rd Qu.:64.07 3rd Qu.: 1336.5
> Max. :11776.787 Max. :85.24 Max. :11718.9
Flavor: r-devel-macos-x86_64
Version: 3.1.7
Check: tests
Result: NOTE
Running 'test01-utility.R' [1s]
Comparing 'test01-utility.Rout' to 'test01-utility.Rout.save' ... OK
Running 'test03-channel-type.R' [0s]
Comparing 'test03-channel-type.Rout' to 'test03-channel-type.Rout.save' ... OK
Running 'test04-channel.R' [1s]
Comparing 'test04-channel.Rout' to 'test04-channel.Rout.save' ...42c42
< 0.2436 280.0141 675.7335 987.6435 1355.5114 9630.5918
---
> 0.244 280.014 675.734 987.643 1355.511 9630.592
Running 'test05-processor.R' [1s]
Comparing 'test05-processor.Rout' to 'test05-processor.Rout.save' ... OK
Running 'test06-pipeline.R' [1s]
Comparing 'test06-pipeline.Rout' to 'test06-pipeline.Rout.save' ... OK
Running 'test07-complete-channel.R' [1s]
Comparing 'test07-complete-channel.Rout' to 'test07-complete-channel.Rout.save' ...22,27c22,27
< Min. :6.560e-02 Min. :33.61 Min. : 0.0
< 1st Qu.:2.855e+02 1st Qu.:55.95 1st Qu.: 225.7
< Median :6.874e+02 Median :60.01 Median : 626.7
< Mean :1.003e+03 Mean :59.99 Mean : 944.6
< 3rd Qu.:1.396e+03 3rd Qu.:64.07 3rd Qu.: 1336.5
< Max. :1.178e+04 Max. :85.24 Max. :11718.9
---
> Min. : 0.066 Min. :33.61 Min. : 0.0
> 1st Qu.: 285.474 1st Qu.:55.95 1st Qu.: 225.7
> Median : 687.351 Median :60.01 Median : 626.7
> Mean : 1002.718 Mean :59.99 Mean : 944.6
> 3rd Qu.: 1395.736 3rd Qu.:64.07 3rd Qu.: 1336.5
> Max. :11776.787 Max. :85.24 Max. :11718.9
Flavor: r-devel-windows-x86_64
These binaries (installable software) and packages are in development.
They may not be fully stable and should be used with caution. We make no claims about them.
Health stats visible at Monitor.