CRAN Package Check Results for Package PosteriorBootstrap

Last updated on 2025-05-07 20:49:53 CEST.

Flavor Version Tinstall Tcheck Ttotal Status Flags
r-devel-linux-x86_64-debian-clang 0.1.2 1.98 449.36 451.34 NOTE
r-devel-linux-x86_64-debian-gcc 0.1.2 1.55 393.04 394.59 NOTE
r-devel-linux-x86_64-fedora-clang 0.1.2 678.80 OK
r-devel-linux-x86_64-fedora-gcc 0.1.2 846.79 OK
r-devel-windows-x86_64 0.1.2 3.00 60.00 63.00 OK
r-patched-linux-x86_64 0.1.2 2.05 488.08 490.13 OK
r-release-linux-x86_64 0.1.2 1.88 482.41 484.29 OK
r-release-macos-arm64 0.1.2 340.00 OK
r-release-macos-x86_64 0.1.2 872.00 OK
r-release-windows-x86_64 0.1.2 4.00 62.00 66.00 OK
r-oldrel-macos-arm64 0.1.2 245.00 OK
r-oldrel-macos-x86_64 0.1.2 453.00 OK
r-oldrel-windows-x86_64 0.1.2 4.00 75.00 79.00 OK

Check Details

Version: 0.1.2
Check: CRAN incoming feasibility
Result: NOTE Maintainer: ‘James Robinson <james.em.robinson@gmail.com>’ The Description field contains <arXiv:1806.11544>. Please refer to arXiv e-prints via their arXiv DOI <doi:10.48550/arXiv.YYMM.NNNNN>. Flavors: r-devel-linux-x86_64-debian-clang, r-devel-linux-x86_64-debian-gcc

These binaries (installable software) and packages are in development.
They may not be fully stable and should be used with caution. We make no claims about them.
Health stats visible at Monitor.