Last updated on 2025-10-30 19:53:32 CET.
| Flavor | Version | Tinstall | Tcheck | Ttotal | Status | Flags |
|---|---|---|---|---|---|---|
| r-devel-linux-x86_64-debian-clang | 1.1.1 | 2.25 | 24.42 | 26.67 | NOTE | |
| r-devel-linux-x86_64-debian-gcc | 1.1.1 | 1.81 | 19.19 | 21.00 | NOTE | |
| r-devel-linux-x86_64-fedora-clang | 1.1.1 | 40.58 | NOTE | |||
| r-devel-linux-x86_64-fedora-gcc | 1.1.1 | 41.61 | NOTE | |||
| r-devel-windows-x86_64 | 1.1.1 | 3.00 | 41.00 | 44.00 | OK | |
| r-patched-linux-x86_64 | 1.1.1 | 2.52 | 23.04 | 25.56 | OK | |
| r-release-linux-x86_64 | 1.1.1 | 2.35 | 23.38 | 25.73 | OK | |
| r-release-macos-arm64 | 1.1.1 | 1.00 | 17.00 | 18.00 | OK | |
| r-release-macos-x86_64 | 1.1.1 | 2.00 | 25.00 | 27.00 | OK | |
| r-release-windows-x86_64 | 1.1.1 | 3.00 | 45.00 | 48.00 | OK | |
| r-oldrel-macos-arm64 | 1.1.1 | 1.00 | 16.00 | 17.00 | NOTE | |
| r-oldrel-macos-x86_64 | 1.1.1 | 2.00 | 20.00 | 22.00 | NOTE | |
| r-oldrel-windows-x86_64 | 1.1.1 | 3.00 | 48.00 | 51.00 | NOTE |
Version: 1.1.1
Check: Rd files
Result: NOTE
checkRd: (-1) BDportfolio_optim.Rd:41-61: Only 4 columns allowed in this table (row 1 has 2)
checkRd: (-1) BDportfolio_optim.Rd:41-61: Only 4 columns allowed in this table (row 2 has 2)
checkRd: (-1) BDportfolio_optim.Rd:41-61: Only 4 columns allowed in this table (row 3 has 2)
checkRd: (-1) BDportfolio_optim.Rd:41-61: Only 4 columns allowed in this table (row 4 has 2)
checkRd: (-1) BDportfolio_optim.Rd:41-61: Only 4 columns allowed in this table (row 5 has 2)
checkRd: (-1) BDportfolio_optim.Rd:41-61: Only 4 columns allowed in this table (row 6 has 2)
checkRd: (-1) BDportfolio_optim.Rd:41-61: Only 4 columns allowed in this table (row 7 has 2)
checkRd: (-1) BDportfolio_optim.Rd:41-61: Only 4 columns allowed in this table (row 8 has 2)
checkRd: (-1) BDportfolio_optim.Rd:41-61: Only 4 columns allowed in this table (row 9 has 2)
checkRd: (-1) BDportfolio_optim.Rd:41-61: Only 4 columns allowed in this table (row 10 has 2)
checkRd: (-1) PortfolioOptimProjection.Rd:43-63: Only 4 columns allowed in this table (row 1 has 2)
checkRd: (-1) PortfolioOptimProjection.Rd:43-63: Only 4 columns allowed in this table (row 2 has 2)
checkRd: (-1) PortfolioOptimProjection.Rd:43-63: Only 4 columns allowed in this table (row 3 has 2)
checkRd: (-1) PortfolioOptimProjection.Rd:43-63: Only 4 columns allowed in this table (row 4 has 2)
checkRd: (-1) PortfolioOptimProjection.Rd:43-63: Only 4 columns allowed in this table (row 5 has 2)
checkRd: (-1) PortfolioOptimProjection.Rd:43-63: Only 4 columns allowed in this table (row 6 has 2)
checkRd: (-1) PortfolioOptimProjection.Rd:43-63: Only 4 columns allowed in this table (row 7 has 2)
checkRd: (-1) PortfolioOptimProjection.Rd:43-63: Only 4 columns allowed in this table (row 8 has 2)
checkRd: (-1) PortfolioOptimProjection.Rd:43-63: Only 4 columns allowed in this table (row 9 has 2)
checkRd: (-1) PortfolioOptimProjection.Rd:43-63: Only 4 columns allowed in this table (row 10 has 2)
Flavors: r-devel-linux-x86_64-debian-clang, r-devel-linux-x86_64-debian-gcc, r-devel-linux-x86_64-fedora-clang, r-devel-linux-x86_64-fedora-gcc
Version: 1.1.1
Check: LazyData
Result: NOTE
'LazyData' is specified without a 'data' directory
Flavors: r-oldrel-macos-arm64, r-oldrel-macos-x86_64, r-oldrel-windows-x86_64
These binaries (installable software) and packages are in development.
They may not be fully stable and should be used with caution. We make no claims about them.
Health stats visible at Monitor.