CRAN Package Check Results for Package PortalHacienda

Last updated on 2025-10-09 13:49:51 CEST.

Flavor Version Tinstall Tcheck Ttotal Status Flags
r-devel-linux-x86_64-debian-clang 0.1.7 3.50 40.38 43.88 OK
r-devel-linux-x86_64-debian-gcc 0.1.7 2.63 30.20 32.83 OK
r-devel-linux-x86_64-fedora-clang 0.1.7 74.08 OK
r-devel-linux-x86_64-fedora-gcc 0.1.7 83.81 OK
r-devel-windows-x86_64 0.1.7 6.00 60.00 66.00 ERROR
r-patched-linux-x86_64 0.1.7 3.32 36.29 39.61 OK
r-release-linux-x86_64 0.1.7 3.42 43.08 46.50 OK
r-release-macos-arm64 0.1.7 69.00 OK
r-release-macos-x86_64 0.1.7 66.00 OK
r-release-windows-x86_64 0.1.7 6.00 74.00 80.00 OK
r-oldrel-macos-arm64 0.1.7 44.00 OK
r-oldrel-macos-x86_64 0.1.7 63.00 OK
r-oldrel-windows-x86_64 0.1.7 7.00 97.00 104.00 OK

Check Details

Version: 0.1.7
Check: re-building of vignette outputs
Result: ERROR Error(s) in re-building vignettes: --- re-building 'Tutorial.Rmd' using rmarkdown Quitting from Tutorial.Rmd:30-32 [search] ~~~~~~~~~~~~~~~~~~~~~~~~~~~~~~~~~~~~~~~~~~~~~~~~~~~~~~~~~~~~~~~~~~~~~~~~~~~~~~~~ <error/rlang_error> Error: ! Please install xml2 package --- Backtrace: ▆ 1. └─PortalHacienda::Search_online("Tipo de cambio") 2. ├─base::message("Server returned this message: " %+% httr::content(Temp)[[1]][[1]]) 3. ├─"Server returned this message: " %+% ... 4. │ └─base::paste(x, y, sep = "") 5. └─httr::content(Temp) 6. └─httr:::parse_auto(raw, type, encoding, ...) 7. └─httr (local) parser(x = content, type = type, encoding = encoding, ...) 8. └─httr:::need_package("xml2") ~~~~~~~~~~~~~~~~~~~~~~~~~~~~~~~~~~~~~~~~~~~~~~~~~~~~~~~~~~~~~~~~~~~~~~~~~~~~~~~~ Error: processing vignette 'Tutorial.Rmd' failed with diagnostics: Please install xml2 package --- failed re-building 'Tutorial.Rmd' SUMMARY: processing the following file failed: 'Tutorial.Rmd' Error: Vignette re-building failed. Execution halted Flavor: r-devel-windows-x86_64

These binaries (installable software) and packages are in development.
They may not be fully stable and should be used with caution. We make no claims about them.
Health stats visible at Monitor.