CRAN Package Check Results for Package PoolBal

Last updated on 2025-05-15 11:50:10 CEST.

Flavor Version Tinstall Tcheck Ttotal Status Flags
r-devel-linux-x86_64-debian-clang 0.1-0 4.69 28.74 33.43 NOTE
r-devel-linux-x86_64-debian-gcc 0.1-0 3.38 21.37 24.75 NOTE
r-devel-linux-x86_64-fedora-clang 0.1-0 54.03 OK
r-devel-linux-x86_64-fedora-gcc 0.1-0 50.90 OK
r-devel-windows-x86_64 0.1-0 5.00 51.00 56.00 OK
r-patched-linux-x86_64 0.1-0 4.60 26.77 31.37 OK
r-release-linux-x86_64 0.1-0 4.28 27.39 31.67 OK
r-release-macos-arm64 0.1-0 20.00 OK
r-release-macos-x86_64 0.1-0 34.00 OK
r-release-windows-x86_64 0.1-0 7.00 53.00 60.00 OK
r-oldrel-macos-arm64 0.1-0 22.00 OK
r-oldrel-macos-x86_64 0.1-0 32.00 OK
r-oldrel-windows-x86_64 0.1-0 6.00 51.00 57.00 OK

Check Details

Version: 0.1-0
Check: CRAN incoming feasibility
Result: NOTE Maintainer: ‘Chris Salahub <chris.salahub@uwaterloo.ca>’ The Description field contains in Salahub and Olford (2023) <arXiv:2310.16600>. This package provides Please refer to arXiv e-prints via their arXiv DOI <doi:10.48550/arXiv.YYMM.NNNNN>. Flavors: r-devel-linux-x86_64-debian-clang, r-devel-linux-x86_64-debian-gcc

These binaries (installable software) and packages are in development.
They may not be fully stable and should be used with caution. We make no claims about them.
Health stats visible at Monitor.