CRAN Package Check Results for Package PolyTree

Last updated on 2025-05-17 19:52:01 CEST.

Flavor Version Tinstall Tcheck Ttotal Status Flags
r-devel-linux-x86_64-debian-clang 0.0.1 3.29 26.39 29.68 NOTE
r-devel-linux-x86_64-debian-gcc 0.0.1 2.27 19.81 22.08 NOTE
r-devel-linux-x86_64-fedora-clang 0.0.1 45.01 OK
r-devel-linux-x86_64-fedora-gcc 0.0.1 42.38 OK
r-devel-windows-x86_64 0.0.1 5.00 45.00 50.00 OK
r-patched-linux-x86_64 0.0.1 3.02 24.81 27.83 OK
r-release-linux-x86_64 0.0.1 2.90 24.90 27.80 OK
r-release-macos-arm64 0.0.1 21.00 OK
r-release-macos-x86_64 0.0.1 33.00 OK
r-release-windows-x86_64 0.0.1 4.00 47.00 51.00 OK
r-oldrel-macos-arm64 0.0.1 18.00 OK
r-oldrel-macos-x86_64 0.0.1 31.00 OK
r-oldrel-windows-x86_64 0.0.1 5.00 50.00 55.00 OK

Check Details

Version: 0.0.1
Check: CRAN incoming feasibility
Result: NOTE Maintainer: ‘Sourav Chatterjee <souravc@stanford.edu>’ The Description field contains Vidyasagar (2022) <arxiv:2209.07028>. The method is fully Please refer to arXiv e-prints via their arXiv DOI <doi:10.48550/arXiv.YYMM.NNNNN>. Flavors: r-devel-linux-x86_64-debian-clang, r-devel-linux-x86_64-debian-gcc

These binaries (installable software) and packages are in development.
They may not be fully stable and should be used with caution. We make no claims about them.
Health stats visible at Monitor.