Last updated on 2025-05-03 22:50:04 CEST.
Flavor | Version | Tinstall | Tcheck | Ttotal | Status | Flags |
---|---|---|---|---|---|---|
r-devel-linux-x86_64-debian-clang | 0.9.2 | 3.34 | 38.48 | 41.82 | NOTE | |
r-devel-linux-x86_64-debian-gcc | 0.9.2 | 2.39 | 27.80 | 30.19 | NOTE | |
r-devel-linux-x86_64-fedora-clang | 0.9.2 | 66.66 | NOTE | |||
r-devel-linux-x86_64-fedora-gcc | 0.9.2 | 77.01 | NOTE | |||
r-devel-windows-x86_64 | 0.9.2 | 4.00 | 67.00 | 71.00 | NOTE | |
r-patched-linux-x86_64 | 0.9.2 | 3.46 | 37.08 | 40.54 | NOTE | |
r-release-linux-x86_64 | NOTE | |||||
r-release-macos-arm64 | 0.9.2 | 30.00 | NOTE | |||
r-release-macos-x86_64 | 0.9.2 | 56.00 | NOTE | |||
r-release-windows-x86_64 | 0.9.2 | 4.00 | 65.00 | 69.00 | NOTE | |
r-oldrel-macos-arm64 | 0.9.2 | 29.00 | NOTE | |||
r-oldrel-macos-x86_64 | 0.9.2 | 45.00 | NOTE | |||
r-oldrel-windows-x86_64 | 0.9.2 | 4.00 | 73.00 | 77.00 | NOTE |
Version: 0.9.2
Check: CRAN incoming feasibility
Result: NOTE
Maintainer: ‘Alexander Zwart <Alec.Zwart@csiro.au>’
No Authors@R field in DESCRIPTION.
Please add one, modifying
Authors@R: person(given = "Alexander",
family = "Zwart",
role = c("aut", "cre"),
email = "alec.zwart@csiro.au")
as necessary.
Flavors: r-devel-linux-x86_64-debian-clang, r-devel-linux-x86_64-debian-gcc
Version: 0.9.2
Check: Rd files
Result: NOTE
checkRd: (-1) inputData.Rd:94: Lost braces
94 | recommend using either \sQuote{code{.}} (a period) or
| ^
checkRd: (-1) inputData.Rd:95: Lost braces
95 | \sQuote{code{_}} (an underscore) rather than a space.
| ^
checkRd: (-1) preprocessData.Rd:81: Lost braces
81 | recommend using either \sQuote{code{.}} (a period) or
| ^
checkRd: (-1) preprocessData.Rd:82: Lost braces
82 | \sQuote{code{_}} (an underscore) rather than a space.
| ^
Flavors: r-devel-linux-x86_64-debian-clang, r-devel-linux-x86_64-debian-gcc, r-devel-linux-x86_64-fedora-clang, r-devel-linux-x86_64-fedora-gcc, r-devel-windows-x86_64, r-patched-linux-x86_64, r-release-linux-x86_64, r-release-macos-arm64, r-release-macos-x86_64, r-release-windows-x86_64, r-oldrel-macos-arm64, r-oldrel-macos-x86_64, r-oldrel-windows-x86_64
These binaries (installable software) and packages are in development.
They may not be fully stable and should be used with caution. We make no claims about them.
Health stats visible at Monitor.