Last updated on 2025-05-17 15:50:51 CEST.
Flavor | Version | Tinstall | Tcheck | Ttotal | Status | Flags |
---|---|---|---|---|---|---|
r-devel-linux-x86_64-debian-clang | 0.2.0 | 5.80 | 116.13 | 121.93 | NOTE | |
r-devel-linux-x86_64-debian-gcc | 0.2.0 | 4.12 | 79.56 | 83.68 | NOTE | |
r-devel-linux-x86_64-fedora-clang | 0.2.0 | 200.77 | NOTE | |||
r-devel-linux-x86_64-fedora-gcc | 0.2.0 | 199.74 | NOTE | |||
r-devel-windows-x86_64 | 0.2.0 | 7.00 | 119.00 | 126.00 | NOTE | |
r-patched-linux-x86_64 | 0.2.0 | 5.58 | 110.50 | 116.08 | NOTE | |
r-release-linux-x86_64 | 0.2.0 | 5.35 | 109.60 | 114.95 | NOTE | |
r-release-macos-arm64 | 0.2.0 | 58.00 | NOTE | |||
r-release-macos-x86_64 | 0.2.0 | 102.00 | NOTE | |||
r-release-windows-x86_64 | 0.2.0 | 7.00 | 119.00 | 126.00 | NOTE | |
r-oldrel-macos-arm64 | 0.2.0 | 55.00 | NOTE | |||
r-oldrel-macos-x86_64 | 0.2.0 | 81.00 | NOTE | |||
r-oldrel-windows-x86_64 | 0.2.0 | 10.00 | 149.00 | 159.00 | NOTE |
Version: 0.2.0
Check: CRAN incoming feasibility
Result: NOTE
Maintainer: ‘Patrick Schmidt <pschmidte@gmail.com>’
The Description field contains
Katzfuss and Gneiting (2015) <arXiv:1506.01917> for more details on the
Please refer to arXiv e-prints via their arXiv DOI <doi:10.48550/arXiv.YYMM.NNNNN>.
Flavors: r-devel-linux-x86_64-debian-clang, r-devel-linux-x86_64-debian-gcc
Version: 0.2.0
Check: Rd files
Result: NOTE
checkRd: (-1) estimate.functional.Rd:34: Lost braces; missing escapes or markup?
34 | \item{bw}{function describing bandwidth selection (see ?gmm for alternatives). Standard is that the bandwidth depends on the sample length $T$ by $m(T)=T^{1/5}$.}
| ^
Flavors: r-devel-linux-x86_64-debian-clang, r-devel-linux-x86_64-debian-gcc, r-devel-linux-x86_64-fedora-clang, r-devel-linux-x86_64-fedora-gcc, r-devel-windows-x86_64, r-patched-linux-x86_64, r-release-linux-x86_64, r-release-macos-arm64, r-release-macos-x86_64, r-release-windows-x86_64, r-oldrel-macos-arm64, r-oldrel-macos-x86_64, r-oldrel-windows-x86_64
Version: 0.2.0
Check: dependencies in R code
Result: NOTE
Namespaces in Imports field not imported from:
‘car’ ‘lubridate’
All declared Imports should be used.
Flavors: r-devel-linux-x86_64-fedora-clang, r-devel-linux-x86_64-fedora-gcc
These binaries (installable software) and packages are in development.
They may not be fully stable and should be used with caution. We make no claims about them.
Health stats visible at Monitor.