Last updated on 2024-05-02 08:01:51 CEST.
Flavor | Version | Tinstall | Tcheck | Ttotal | Status | Flags |
---|---|---|---|---|---|---|
r-devel-linux-x86_64-debian-clang | 0.4.3 | 23.45 | 443.77 | 467.22 | NOTE | |
r-devel-linux-x86_64-debian-gcc | 0.4.3 | 16.50 | 304.97 | 321.47 | NOTE | |
r-devel-linux-x86_64-fedora-clang | 0.4.3 | 560.62 | NOTE | |||
r-devel-linux-x86_64-fedora-gcc | 0.4.3 | 559.56 | NOTE | |||
r-devel-windows-x86_64 | 0.4.3 | 17.00 | 280.00 | 297.00 | NOTE | |
r-patched-linux-x86_64 | 0.4.3 | 22.05 | 427.08 | 449.13 | NOTE | |
r-release-linux-x86_64 | 0.4.3 | 16.76 | 427.02 | 443.78 | NOTE | |
r-release-macos-arm64 | 0.4.3 | 129.00 | NOTE | |||
r-release-macos-x86_64 | 0.4.3 | 310.00 | NOTE | |||
r-release-windows-x86_64 | 0.4.3 | 18.00 | 290.00 | 308.00 | NOTE | |
r-oldrel-macos-arm64 | 0.4.3 | 126.00 | OK | |||
r-oldrel-macos-x86_64 | 0.4.3 | 432.00 | OK | |||
r-oldrel-windows-x86_64 | 0.4.3 | 25.00 | 383.00 | 408.00 | OK |
Version: 0.4.3
Check: Rd files
Result: NOTE
checkRd: (-1) adjacency.Rd:27: Lost braces; missing escapes or markup?
27 | item j. For example, in the ranking \\{1\\} > \\{3, 4\\} > \\{2\\},
| ^
checkRd: (-1) adjacency.Rd:27: Lost braces; missing escapes or markup?
27 | item j. For example, in the ranking \\{1\\} > \\{3, 4\\} > \\{2\\},
| ^
checkRd: (-1) adjacency.Rd:27: Lost braces; missing escapes or markup?
27 | item j. For example, in the ranking \\{1\\} > \\{3, 4\\} > \\{2\\},
| ^
checkRd: (-1) rankings.Rd:127: Lost braces; missing escapes or markup?
127 | rank skipped. For example {1, 0, 2, 1}, ranks the first and fourth items in
| ^
Flavors: r-devel-linux-x86_64-debian-clang, r-devel-linux-x86_64-debian-gcc, r-devel-linux-x86_64-fedora-clang, r-devel-linux-x86_64-fedora-gcc, r-devel-windows-x86_64, r-patched-linux-x86_64, r-release-linux-x86_64, r-release-macos-arm64, r-release-windows-x86_64
Version: 0.4.3
Check: package dependencies
Result: NOTE
Packages suggested but not available for checking: 'BiocStyle', 'PLMIX'
Flavor: r-release-macos-x86_64
These binaries (installable software) and packages are in development.
They may not be fully stable and should be used with caution. We make no claims about them.
Health stats visible at Monitor.