Last updated on 2025-02-23 13:51:21 CET.
Flavor | Version | Tinstall | Tcheck | Ttotal | Status | Flags |
---|---|---|---|---|---|---|
r-devel-linux-x86_64-debian-clang | 0.2-4 | 2.67 | 64.62 | 67.29 | NOTE | |
r-devel-linux-x86_64-debian-gcc | 0.2-4 | 2.33 | 58.50 | 60.83 | NOTE | |
r-devel-linux-x86_64-fedora-clang | 0.2-4 | 121.43 | NOTE | |||
r-devel-linux-x86_64-fedora-gcc | 0.2-4 | 119.05 | NOTE | |||
r-devel-macos-arm64 | 0.2-4 | 57.00 | NOTE | |||
r-devel-macos-x86_64 | 0.2-4 | 168.00 | NOTE | |||
r-devel-windows-x86_64 | 0.2-4 | 5.00 | 113.00 | 118.00 | NOTE | |
r-patched-linux-x86_64 | 0.2-4 | 3.39 | 71.62 | 75.01 | NOTE | |
r-release-linux-x86_64 | 0.2-4 | 2.41 | 72.26 | 74.67 | NOTE | |
r-release-macos-arm64 | 0.2-4 | 57.00 | NOTE | |||
r-release-macos-x86_64 | 0.2-4 | 139.00 | NOTE | |||
r-release-windows-x86_64 | 0.2-4 | 5.00 | 112.00 | 117.00 | NOTE | |
r-oldrel-macos-arm64 | 0.2-4 | 63.00 | OK | |||
r-oldrel-macos-x86_64 | 0.2-4 | 117.00 | OK | |||
r-oldrel-windows-x86_64 | 0.2-4 | 4.00 | 128.00 | 132.00 | OK |
Version: 0.2-4
Check: Rd files
Result: NOTE
checkRd: (-1) pa-internal.Rd:11: Lost braces
11 | code{l2df}: convert list to data.frame
| ^
checkRd: (-1) pa-internal.Rd:14: Lost braces
14 | code{convertTZ}: force a new timezone on datetime
| ^
checkRd: (-1) pa-internal.Rd:16: Lost braces
16 | code{createTime}: create datetime variable
| ^
checkRd: (-1) pa-internal.Rd:18: Lost braces
18 | code{addDayIndex}: create ID_day variable from timestamp
| ^
Flavors: r-devel-linux-x86_64-debian-clang, r-devel-linux-x86_64-debian-gcc, r-devel-linux-x86_64-fedora-clang, r-devel-linux-x86_64-fedora-gcc, r-devel-macos-arm64, r-devel-macos-x86_64, r-devel-windows-x86_64, r-patched-linux-x86_64, r-release-linux-x86_64, r-release-macos-arm64, r-release-macos-x86_64, r-release-windows-x86_64
These binaries (installable software) and packages are in development.
They may not be fully stable and should be used with caution. We make no claims about them.
Health stats visible at Monitor.