CRAN Package Check Results for Package PhenotypeSimulator

Last updated on 2025-02-23 15:49:53 CET.

Flavor Version Tinstall Tcheck Ttotal Status Flags
r-devel-linux-x86_64-debian-clang 0.3.4 23.06 220.64 243.70 NOTE
r-devel-linux-x86_64-debian-gcc 0.3.4 14.66 150.26 164.92 NOTE
r-devel-linux-x86_64-fedora-clang 0.3.4 407.53 NOTE
r-devel-linux-x86_64-fedora-gcc 0.3.4 394.27 NOTE
r-devel-macos-arm64 0.3.4 130.00 NOTE
r-devel-macos-x86_64 0.3.4 216.00 NOTE
r-devel-windows-x86_64 0.3.4 28.00 322.00 350.00 NOTE
r-patched-linux-x86_64 0.3.4 22.31 204.57 226.88 NOTE
r-release-linux-x86_64 0.3.4 20.60 208.19 228.79 NOTE
r-release-macos-arm64 0.3.4 106.00 NOTE
r-release-macos-x86_64 0.3.4 167.00 NOTE
r-release-windows-x86_64 0.3.4 25.00 308.00 333.00 NOTE
r-oldrel-macos-arm64 0.3.4 9.00 ERROR
r-oldrel-macos-x86_64 0.3.4 195.00 NOTE
r-oldrel-windows-x86_64 0.3.4 31.00 343.00 374.00 NOTE

Check Details

Version: 0.3.4
Check: C++ specification
Result: NOTE Specified C++11: please drop specification unless essential Flavors: r-devel-linux-x86_64-debian-clang, r-devel-linux-x86_64-debian-gcc, r-devel-linux-x86_64-fedora-clang, r-devel-linux-x86_64-fedora-gcc, r-devel-macos-arm64, r-devel-macos-x86_64, r-devel-windows-x86_64, r-patched-linux-x86_64, r-release-linux-x86_64, r-release-macos-arm64, r-release-macos-x86_64, r-release-windows-x86_64, r-oldrel-macos-x86_64, r-oldrel-windows-x86_64

Version: 0.3.4
Check: installed package size
Result: NOTE installed size is 5.7Mb sub-directories of 1Mb or more: doc 1.5Mb extdata 3.1Mb Flavors: r-release-macos-arm64, r-release-macos-x86_64, r-release-windows-x86_64, r-oldrel-macos-x86_64, r-oldrel-windows-x86_64

Version: 0.3.4
Check: package dependencies
Result: ERROR Package required but not available: ‘snpStats’ See section ‘The DESCRIPTION file’ in the ‘Writing R Extensions’ manual. Flavor: r-oldrel-macos-arm64

These binaries (installable software) and packages are in development.
They may not be fully stable and should be used with caution. We make no claims about them.
Health stats visible at Monitor.