Last updated on 2024-05-02 04:00:29 CEST.
Flavor | Version | Tinstall | Tcheck | Ttotal | Status | Flags |
---|---|---|---|---|---|---|
r-devel-linux-x86_64-debian-clang | 2.0.4 | 27.18 | 392.02 | 419.20 | NOTE | |
r-devel-linux-x86_64-debian-gcc | 2.0.4 | 23.33 | 274.27 | 297.60 | NOTE | |
r-devel-linux-x86_64-fedora-clang | 2.0.4 | 500.50 | NOTE | |||
r-devel-linux-x86_64-fedora-gcc | 2.0.4 | 495.44 | NOTE | |||
r-devel-windows-x86_64 | 2.0.4 | 26.00 | 205.00 | 231.00 | NOTE | --no-vignettes |
r-patched-linux-x86_64 | 2.0.4 | 32.89 | 356.55 | 389.44 | NOTE | |
r-release-linux-x86_64 | 2.0.4 | 30.39 | 359.93 | 390.32 | NOTE | |
r-release-macos-arm64 | 2.0.4 | 148.00 | NOTE | |||
r-release-windows-x86_64 | 2.0.4 | 26.00 | 210.00 | 236.00 | NOTE | --no-vignettes |
r-oldrel-macos-arm64 | 2.0.4 | 186.00 | NOTE | |||
r-oldrel-macos-x86_64 | 2.0.4 | 317.00 | NOTE | |||
r-oldrel-windows-x86_64 | 2.0.4 | 32.00 | 235.00 | 267.00 | NOTE | --no-vignettes |
Version: 2.0.4
Check: Rd files
Result: NOTE
checkRd: (-1) CAPM.RiskPremium.Rd:67: Escaped LaTeX specials: \&
checkRd: (-1) Return.portfolio.Rd:109: Lost braces in \itemize; meant \describe ?
checkRd: (-1) Return.portfolio.Rd:110-113: Lost braces in \itemize; meant \describe ?
checkRd: (-1) Return.portfolio.Rd:114-118: Lost braces in \itemize; meant \describe ?
checkRd: (-1) Return.portfolio.Rd:119-122: Lost braces in \itemize; meant \describe ?
checkRd: (-1) Return.portfolio.Rd:123-129: Lost braces in \itemize; meant \describe ?
checkRd: (-1) Return.portfolio.Rd:130-132: Lost braces in \itemize; meant \describe ?
checkRd: (-1) chart.ECDF.Rd:31: Escaped LaTeX specials: \#
checkRd: (-1) managers.Rd:8: Escaped LaTeX specials: \&
Flavors: r-devel-linux-x86_64-debian-clang, r-devel-linux-x86_64-debian-gcc, r-devel-linux-x86_64-fedora-clang, r-devel-linux-x86_64-fedora-gcc, r-patched-linux-x86_64, r-release-linux-x86_64, r-release-macos-arm64
Version: 2.0.4
Check: HTML version of manual
Result: NOTE
Found the following HTML validation problems:
Return.Geltner.html:58:32 (Return.Geltner.Rd:27): Warning: trimming empty <code>
centeredmoments.html:24:32 (centeredmoments.Rd:37): Warning: trimming empty <code>
Flavors: r-devel-linux-x86_64-debian-clang, r-devel-linux-x86_64-debian-gcc, r-devel-linux-x86_64-fedora-clang, r-devel-linux-x86_64-fedora-gcc, r-patched-linux-x86_64, r-release-linux-x86_64
Version: 2.0.4
Check: Rd cross-references
Result: NOTE
Undeclared packages ‘timeSeries’, ‘tseries’, ‘car’, ‘gplots’ in Rd xrefs
Flavor: r-devel-linux-x86_64-fedora-clang
Version: 2.0.4
Flags: --no-vignettes
Check: Rd files
Result: NOTE
checkRd: (-1) CAPM.RiskPremium.Rd:67: Escaped LaTeX specials: \&
checkRd: (-1) Return.portfolio.Rd:109: Lost braces in \itemize; meant \describe ?
checkRd: (-1) Return.portfolio.Rd:110-113: Lost braces in \itemize; meant \describe ?
checkRd: (-1) Return.portfolio.Rd:114-118: Lost braces in \itemize; meant \describe ?
checkRd: (-1) Return.portfolio.Rd:119-122: Lost braces in \itemize; meant \describe ?
checkRd: (-1) Return.portfolio.Rd:123-129: Lost braces in \itemize; meant \describe ?
checkRd: (-1) Return.portfolio.Rd:130-132: Lost braces in \itemize; meant \describe ?
checkRd: (-1) chart.ECDF.Rd:31: Escaped LaTeX specials: \#
checkRd: (-1) managers.Rd:8: Escaped LaTeX specials: \&
Flavors: r-devel-windows-x86_64, r-release-windows-x86_64
Version: 2.0.4
Flags: --no-vignettes
Check: HTML version of manual
Result: NOTE
Found the following HTML validation problems:
Return.Geltner.html:58:32 (Return.Geltner.Rd:27): Warning: trimming empty <code>
centeredmoments.html:24:32 (centeredmoments.Rd:37): Warning: trimming empty <code>
Flavors: r-devel-windows-x86_64, r-release-windows-x86_64
Version: 2.0.4
Check: Rd files
Result: NOTE
checkRd: (-1) CAPM.RiskPremium.Rd:67: Escaped LaTeX specials: \&
checkRd: (-1) chart.ECDF.Rd:31: Escaped LaTeX specials: \#
checkRd: (-1) managers.Rd:8: Escaped LaTeX specials: \&
Flavors: r-oldrel-macos-arm64, r-oldrel-macos-x86_64
Version: 2.0.4
Flags: --no-vignettes
Check: Rd files
Result: NOTE
checkRd: (-1) CAPM.RiskPremium.Rd:67: Escaped LaTeX specials: \&
checkRd: (-1) chart.ECDF.Rd:31: Escaped LaTeX specials: \#
checkRd: (-1) managers.Rd:8: Escaped LaTeX specials: \&
Flavor: r-oldrel-windows-x86_64
These binaries (installable software) and packages are in development.
They may not be fully stable and should be used with caution. We make no claims about them.
Health stats visible at Monitor.