Last updated on 2025-05-17 13:49:46 CEST.
Flavor | Version | Tinstall | Tcheck | Ttotal | Status | Flags |
---|---|---|---|---|---|---|
r-devel-linux-x86_64-debian-clang | 2.0.0 | 34.23 | 91.10 | 125.33 | NOTE | |
r-devel-linux-x86_64-debian-gcc | 2.0.0 | 21.90 | 62.76 | 84.66 | NOTE | |
r-devel-linux-x86_64-fedora-clang | 2.0.0 | 214.18 | OK | |||
r-devel-linux-x86_64-fedora-gcc | 2.0.0 | 192.98 | OK | |||
r-devel-windows-x86_64 | 2.0.0 | 36.00 | 109.00 | 145.00 | OK | |
r-patched-linux-x86_64 | 2.0.0 | 29.38 | 85.61 | 114.99 | NOTE | |
r-release-linux-x86_64 | 2.0.0 | 29.46 | 87.47 | 116.93 | NOTE | |
r-release-macos-arm64 | 2.0.0 | 55.00 | OK | |||
r-release-macos-x86_64 | 2.0.0 | 116.00 | OK | |||
r-release-windows-x86_64 | 2.0.0 | 35.00 | 111.00 | 146.00 | OK | |
r-oldrel-macos-arm64 | 2.0.0 | 55.00 | OK | |||
r-oldrel-macos-x86_64 | 2.0.0 | 152.00 | OK | |||
r-oldrel-windows-x86_64 | 2.0.0 | 44.00 | 138.00 | 182.00 | OK |
Version: 2.0.0
Check: CRAN incoming feasibility
Result: NOTE
Maintainer: ‘Andreas Groll <groll@statistik.tu-dortmund.de>’
No Authors@R field in DESCRIPTION.
Please add one, modifying
Authors@R: person(given = "Andreas",
family = "Groll",
role = c("aut", "cre"),
email = "groll@statistik.tu-dortmund.de")
as necessary.
Found the following \keyword or \concept entries
which likely give several index terms:
File ‘pencoxfrail.rd’:
\keyword{Cox frailty model; LASSO; Penalization; T [TRUNCATED]
Flavors: r-devel-linux-x86_64-debian-clang, r-devel-linux-x86_64-debian-gcc
Version: 2.0.0
Check: for unstated dependencies in ‘demo’
Result: NOTE
'library' or 'require' call not declared from: ‘mgcv’
Flavors: r-devel-linux-x86_64-debian-clang, r-devel-linux-x86_64-debian-gcc, r-patched-linux-x86_64, r-release-linux-x86_64
These binaries (installable software) and packages are in development.
They may not be fully stable and should be used with caution. We make no claims about them.
Health stats visible at Monitor.