CRAN Package Check Results for Package PearsonDS

Last updated on 2025-02-08 19:49:27 CET.

Flavor Version Tinstall Tcheck Ttotal Status Flags
r-devel-linux-x86_64-debian-clang 1.3.1 8.63 33.36 41.99 NOTE
r-devel-linux-x86_64-debian-gcc 1.3.1 6.91 24.46 31.37 NOTE
r-devel-linux-x86_64-fedora-clang 1.3.1 72.68 NOTE
r-devel-linux-x86_64-fedora-gcc 1.3.1 68.34 NOTE
r-devel-windows-x86_64 1.3.1 20.00 58.00 78.00 OK
r-patched-linux-x86_64 1.3.1 9.01 32.83 41.84 OK
r-release-linux-x86_64 1.3.1 8.19 32.58 40.77 OK
r-release-macos-arm64 1.3.1 26.00 OK
r-release-macos-x86_64 1.3.1 37.00 OK
r-release-windows-x86_64 1.3.1 19.00 57.00 76.00 OK
r-oldrel-macos-arm64 1.3.1 33.00 OK
r-oldrel-macos-x86_64 1.3.1 87.00 OK
r-oldrel-windows-x86_64 1.3.1 27.00 69.00 96.00 OK

Check Details

Version: 1.3.1
Check: top-level files
Result: NOTE possible bashism in configure.ac line 15 (unsafe echo with backslash): host=`echo 'cat(R.version$platform,"\n")' | "${R_HOME}/bin/R" --vanilla --slave` Flavors: r-devel-linux-x86_64-debian-clang, r-devel-linux-x86_64-debian-gcc, r-devel-linux-x86_64-fedora-clang, r-devel-linux-x86_64-fedora-gcc

These binaries (installable software) and packages are in development.
They may not be fully stable and should be used with caution. We make no claims about them.
Health stats visible at Monitor.