CRAN Package Check Results for Package ParallelPC

Last updated on 2025-05-17 15:50:51 CEST.

Flavor Version Tinstall Tcheck Ttotal Status Flags
r-devel-linux-x86_64-debian-clang 1.2 3.32 35.97 39.29 NOTE
r-devel-linux-x86_64-debian-gcc 1.2 2.18 27.70 29.88 NOTE
r-devel-linux-x86_64-fedora-clang 1.2 62.14 OK
r-devel-linux-x86_64-fedora-gcc 1.2 57.58 OK
r-devel-windows-x86_64 1.2 3.00 86.00 89.00 OK
r-patched-linux-x86_64 1.2 3.57 34.13 37.70 OK
r-release-linux-x86_64 1.2 2.93 33.68 36.61 OK
r-release-macos-arm64 1.2 22.00 OK
r-release-macos-x86_64 1.2 52.00 OK
r-release-windows-x86_64 1.2 4.00 90.00 94.00 OK
r-oldrel-macos-arm64 1.2 21.00 OK
r-oldrel-macos-x86_64 1.2 39.00 OK
r-oldrel-windows-x86_64 1.2 4.00 104.00 108.00 OK

Additional issues

noSuggests

Check Details

Version: 1.2
Check: CRAN incoming feasibility
Result: NOTE Maintainer: ‘Thuc Duy Le <Thuc.Le@unisa.edu.au>’ No Authors@R field in DESCRIPTION. Please add one, modifying Authors@R: c(person(given = c("Thuc", "Duy"), family = "Le", role = c("aut", "cre"), email = "thuc.le@unisa.edu.au"), person(given = "Tao", family = "Hoang", role = "aut"), person(given = "Shu", family = "Hu", role = "aut"), person(given = "Liang", family = "Zhang", role = "aut")) as necessary. Package CITATION file contains call(s) to old-style personList() or as.personList(). Please use c() on person objects instead. Package CITATION file contains call(s) to old-style citEntry(). Please use bibentry() instead. Flavors: r-devel-linux-x86_64-debian-clang, r-devel-linux-x86_64-debian-gcc

These binaries (installable software) and packages are in development.
They may not be fully stable and should be used with caution. We make no claims about them.
Health stats visible at Monitor.