Last updated on 2025-02-23 19:51:15 CET.
Flavor | Version | Tinstall | Tcheck | Ttotal | Status | Flags |
---|---|---|---|---|---|---|
r-devel-linux-x86_64-debian-clang | 1.6 | 6.30 | 51.71 | 58.01 | NOTE | |
r-devel-linux-x86_64-debian-gcc | 1.6 | 4.12 | 40.89 | 45.01 | NOTE | |
r-devel-linux-x86_64-fedora-clang | 1.6 | 96.78 | NOTE | |||
r-devel-linux-x86_64-fedora-gcc | 1.6 | 88.12 | NOTE | |||
r-devel-macos-arm64 | 1.6 | 29.00 | NOTE | |||
r-devel-macos-x86_64 | 1.6 | 71.00 | NOTE | |||
r-devel-windows-x86_64 | 1.6 | 7.00 | 72.00 | 79.00 | NOTE | |
r-patched-linux-x86_64 | 1.6 | 6.45 | 48.83 | 55.28 | NOTE | |
r-release-linux-x86_64 | 1.6 | 6.20 | 48.84 | 55.04 | NOTE | |
r-release-macos-arm64 | 1.6 | 29.00 | NOTE | |||
r-release-macos-x86_64 | 1.6 | 44.00 | NOTE | |||
r-release-windows-x86_64 | 1.6 | 7.00 | 72.00 | 79.00 | NOTE | |
r-oldrel-macos-arm64 | 1.6 | 32.00 | OK | |||
r-oldrel-macos-x86_64 | 1.6 | 51.00 | OK | |||
r-oldrel-windows-x86_64 | 1.6 | 6.00 | 78.00 | 84.00 | OK |
Version: 1.6
Check: Rd files
Result: NOTE
checkRd: (-1) hvidovre.Rd:11: Lost braces
11 | \item{\code{roof_tile}}{a numeric vector, roof_tile}{dummy, roof made out of tiles =1}
| ^
checkRd: (-1) hvidovre.Rd:25: Lost braces
25 | \item{\code{railways}}{a numeric vector, railways}{distance to nearest railway in meters}
| ^
checkRd: (-1) hvidovre.Rd:26: Lost braces
26 | \item{\code{nature_SLD}}{a numeric vector, nature_SLD}{distance to nearest nature area in meters}
| ^
Flavors: r-devel-linux-x86_64-debian-clang, r-devel-linux-x86_64-debian-gcc, r-devel-linux-x86_64-fedora-clang, r-devel-linux-x86_64-fedora-gcc, r-devel-macos-arm64, r-devel-macos-x86_64, r-devel-windows-x86_64, r-patched-linux-x86_64, r-release-linux-x86_64, r-release-macos-arm64, r-release-macos-x86_64, r-release-windows-x86_64
These binaries (installable software) and packages are in development.
They may not be fully stable and should be used with caution. We make no claims about them.
Health stats visible at Monitor.