Last updated on 2025-05-15 07:49:46 CEST.
Flavor | Version | Tinstall | Tcheck | Ttotal | Status | Flags |
---|---|---|---|---|---|---|
r-devel-linux-x86_64-debian-clang | 1.6 | 6.25 | 53.09 | 59.34 | NOTE | |
r-devel-linux-x86_64-debian-gcc | 1.6 | 4.64 | 39.65 | 44.29 | NOTE | |
r-devel-linux-x86_64-fedora-clang | 1.6 | 90.51 | NOTE | |||
r-devel-linux-x86_64-fedora-gcc | 1.6 | 87.16 | NOTE | |||
r-devel-windows-x86_64 | 1.6 | 7.00 | 71.00 | 78.00 | NOTE | |
r-patched-linux-x86_64 | 1.6 | 5.63 | 49.96 | 55.59 | NOTE | |
r-release-linux-x86_64 | 1.6 | 6.22 | 50.45 | 56.67 | NOTE | |
r-release-macos-arm64 | 1.6 | NOTE | ||||
r-release-macos-x86_64 | 1.6 | 63.00 | NOTE | |||
r-release-windows-x86_64 | 1.6 | 7.00 | 71.00 | 78.00 | NOTE | |
r-oldrel-macos-arm64 | 1.6 | 29.00 | NOTE | |||
r-oldrel-macos-x86_64 | 1.6 | 44.00 | NOTE | |||
r-oldrel-windows-x86_64 | 1.6 | 8.00 | 86.00 | 94.00 | NOTE |
Version: 1.6
Check: CRAN incoming feasibility
Result: NOTE
Maintainer: ‘Cathrine Ulla Jensen <cuj@ifro.ku.dk>’
No Authors@R field in DESCRIPTION.
Please add one, modifying
Authors@R: c(person(given = c("Toke", "Emil"),
family = "Panduro",
role = "aut",
email = "tepp@ifro.ku.dk"),
person(given = c("Cathrine", "Ulla"),
family = "Jensen",
role = c("aut", "cre"),
email = "cuj@ifro.ku.dk"))
as necessary.
Flavors: r-devel-linux-x86_64-debian-clang, r-devel-linux-x86_64-debian-gcc
Version: 1.6
Check: Rd files
Result: NOTE
checkRd: (-1) hvidovre.Rd:11: Lost braces
11 | \item{\code{roof_tile}}{a numeric vector, roof_tile}{dummy, roof made out of tiles =1}
| ^
checkRd: (-1) hvidovre.Rd:25: Lost braces
25 | \item{\code{railways}}{a numeric vector, railways}{distance to nearest railway in meters}
| ^
checkRd: (-1) hvidovre.Rd:26: Lost braces
26 | \item{\code{nature_SLD}}{a numeric vector, nature_SLD}{distance to nearest nature area in meters}
| ^
Flavors: r-devel-linux-x86_64-debian-clang, r-devel-linux-x86_64-debian-gcc, r-devel-linux-x86_64-fedora-clang, r-devel-linux-x86_64-fedora-gcc, r-devel-windows-x86_64, r-patched-linux-x86_64, r-release-linux-x86_64, r-release-macos-arm64, r-release-macos-x86_64, r-release-windows-x86_64, r-oldrel-macos-arm64, r-oldrel-macos-x86_64, r-oldrel-windows-x86_64
These binaries (installable software) and packages are in development.
They may not be fully stable and should be used with caution. We make no claims about them.
Health stats visible at Monitor.