CRAN Package Check Results for Package PairViz

Last updated on 2025-05-03 22:50:02 CEST.

Flavor Version Tinstall Tcheck Ttotal Status Flags
r-devel-linux-x86_64-debian-clang 1.3.6 5.72 83.74 89.46 NOTE
r-devel-linux-x86_64-debian-gcc 1.3.6 4.61 65.43 70.04 NOTE
r-devel-linux-x86_64-fedora-clang 1.3.6 143.92 OK
r-devel-linux-x86_64-fedora-gcc 1.3.6 142.24 OK
r-devel-windows-x86_64 1.3.6 8.00 92.00 100.00 OK
r-patched-linux-x86_64 1.3.6 6.80 79.62 86.42 NOTE
r-release-linux-x86_64 NOTE
r-release-macos-arm64 1.3.6 58.00 OK
r-release-macos-x86_64 1.3.6 88.00 OK
r-release-windows-x86_64 1.3.6 7.00 90.00 97.00 OK
r-oldrel-macos-arm64 1.3.6 44.00 OK
r-oldrel-macos-x86_64 1.3.6 68.00 OK
r-oldrel-windows-x86_64 1.3.6 10.00 105.00 115.00 OK

Check Details

Version: 1.3.6
Check: CRAN incoming feasibility
Result: NOTE Maintainer: ‘Catherine Hurley <catherine.hurley@mu.ie>’ No Authors@R field in DESCRIPTION. Please add one, modifying Authors@R: c(person(given = "C.B.", family = "Hurley", role = "aut"), person(given = "R.W.", family = "Oldford", role = "aut"), person(given = "Catherine", family = "Hurley", role = "cre", email = "catherine.hurley@mu.ie")) as necessary. Flavors: r-devel-linux-x86_64-debian-clang, r-devel-linux-x86_64-debian-gcc

Version: 1.3.6
Check: for unstated dependencies in ‘demo’
Result: NOTE 'library' or 'require' calls not declared from: ‘gclus’ ‘irr’ ‘seriation’ Flavors: r-devel-linux-x86_64-debian-clang, r-devel-linux-x86_64-debian-gcc, r-patched-linux-x86_64, r-release-linux-x86_64

These binaries (installable software) and packages are in development.
They may not be fully stable and should be used with caution. We make no claims about them.
Health stats visible at Monitor.