Last updated on 2024-05-02 11:51:30 CEST.
Flavor | Version | Tinstall | Tcheck | Ttotal | Status | Flags |
---|---|---|---|---|---|---|
r-devel-linux-x86_64-debian-clang | 0.1.12 | 11.45 | 114.57 | 126.02 | NOTE | |
r-devel-linux-x86_64-debian-gcc | 0.1.12 | 8.69 | 87.75 | 96.44 | NOTE | |
r-devel-linux-x86_64-fedora-clang | 0.1.12 | 155.38 | NOTE | |||
r-devel-linux-x86_64-fedora-gcc | 0.1.12 | 159.15 | NOTE | |||
r-devel-windows-x86_64 | 0.1.12 | 12.00 | 106.00 | 118.00 | NOTE | |
r-patched-linux-x86_64 | 0.1.12 | 7.60 | 111.35 | 118.95 | NOTE | |
r-release-linux-x86_64 | 0.1.12 | 8.40 | 110.39 | 118.79 | NOTE | |
r-release-macos-arm64 | 0.1.12 | 52.00 | NOTE | |||
r-release-windows-x86_64 | 0.1.12 | 12.00 | 108.00 | 120.00 | NOTE | |
r-oldrel-macos-arm64 | 0.1.12 | 59.00 | OK | |||
r-oldrel-macos-x86_64 | 0.1.12 | 110.00 | OK | |||
r-oldrel-windows-x86_64 | 0.1.12 | 13.00 | 125.00 | 138.00 | OK |
Version: 0.1.12
Check: Rd files
Result: NOTE
checkRd: (-1) Code.Rd:68: Lost braces
68 | ([base]{character})
| ^
checkRd: (-1) printMessage.Rd:10: Lost braces
10 | \item{notPermitted}{([base]{data.frame})}
| ^
checkRd: (-1) printMessage.Rd:12: Lost braces
12 | \item{versionCheck}{([base]{data.frame})}
| ^
Flavors: r-devel-linux-x86_64-debian-clang, r-devel-linux-x86_64-debian-gcc, r-devel-linux-x86_64-fedora-clang, r-devel-linux-x86_64-fedora-gcc, r-devel-windows-x86_64, r-patched-linux-x86_64, r-release-linux-x86_64, r-release-macos-arm64, r-release-windows-x86_64
Version: 0.1.12
Check: Rd cross-references
Result: NOTE
Undeclared packages ‘tidygraph’, ‘htmlwidgets’ in Rd xrefs
Flavor: r-devel-linux-x86_64-fedora-clang
These binaries (installable software) and packages are in development.
They may not be fully stable and should be used with caution. We make no claims about them.
Health stats visible at Monitor.