Last updated on 2024-05-02 13:50:10 CEST.
Flavor | Version | Tinstall | Tcheck | Ttotal | Status | Flags |
---|---|---|---|---|---|---|
r-devel-linux-x86_64-debian-clang | 1.3.0.1 | 34.77 | 101.80 | 136.57 | OK | |
r-devel-linux-x86_64-debian-gcc | 1.3.0.1 | 19.89 | 72.77 | 92.66 | OK | |
r-devel-linux-x86_64-fedora-clang | 1.3.0.1 | 164.15 | NOTE | |||
r-devel-linux-x86_64-fedora-gcc | 1.3.0.1 | 151.07 | NOTE | |||
r-devel-windows-x86_64 | 1.3.0.1 | 21.00 | 106.00 | 127.00 | OK | |
r-patched-linux-x86_64 | 1.3.0.1 | 26.47 | 92.81 | 119.28 | OK | |
r-release-linux-x86_64 | 1.3.0.1 | 21.99 | 92.89 | 114.88 | OK | |
r-release-macos-arm64 | 1.3.0.1 | 48.00 | OK | |||
r-release-windows-x86_64 | 1.3.0.1 | 22.00 | 105.00 | 127.00 | OK | |
r-oldrel-macos-arm64 | 1.3.0.1 | 50.00 | OK | |||
r-oldrel-macos-x86_64 | 1.3.0.1 | 81.00 | OK | |||
r-oldrel-windows-x86_64 | 1.3.0.1 | 28.00 | 127.00 | 155.00 | OK |
Version: 1.3.0.1
Check: installed package size
Result: NOTE
installed size is 5.1Mb
sub-directories of 1Mb or more:
libs 4.8Mb
Flavor: r-devel-linux-x86_64-fedora-clang
Version: 1.3.0.1
Check: compiled code
Result: NOTE
File ‘PWEALL/libs/PWEALL.so’:
Found no calls to: ‘R_registerRoutines’, ‘R_useDynamicSymbols’
It is good practice to register native routines and to disable symbol
search.
See ‘Writing portable packages’ in the ‘Writing R Extensions’ manual.
Flavors: r-devel-linux-x86_64-fedora-clang, r-devel-linux-x86_64-fedora-gcc
These binaries (installable software) and packages are in development.
They may not be fully stable and should be used with caution. We make no claims about them.
Health stats visible at Monitor.