Last updated on 2025-05-15 09:52:38 CEST.
Flavor | Version | Tinstall | Tcheck | Ttotal | Status | Flags |
---|---|---|---|---|---|---|
r-devel-linux-x86_64-debian-clang | 1.0 | 5.67 | 54.94 | 60.61 | NOTE | |
r-devel-linux-x86_64-debian-gcc | 1.0 | 5.27 | 41.02 | 46.29 | NOTE | |
r-devel-linux-x86_64-fedora-clang | 1.0 | 96.83 | OK | |||
r-devel-linux-x86_64-fedora-gcc | 1.0 | 91.34 | OK | |||
r-devel-windows-x86_64 | 1.0 | 8.00 | 72.00 | 80.00 | OK | |
r-patched-linux-x86_64 | 1.0 | 6.40 | 52.92 | 59.32 | OK | |
r-release-linux-x86_64 | 1.0 | 7.48 | 52.83 | 60.31 | OK | |
r-release-macos-arm64 | 1.0 | 36.00 | OK | |||
r-release-macos-x86_64 | 1.0 | 55.00 | OK | |||
r-release-windows-x86_64 | 1.0 | 8.00 | 74.00 | 82.00 | OK | |
r-oldrel-macos-arm64 | 1.0 | 32.00 | OK | |||
r-oldrel-macos-x86_64 | 1.0 | 45.00 | OK | |||
r-oldrel-windows-x86_64 | 1.0 | 9.00 | 81.00 | 90.00 | OK |
Version: 1.0
Check: CRAN incoming feasibility
Result: NOTE
Maintainer: ‘Layla Parast <parast@austin.utexas.edu>’
The Description field contains
available in Wang et al (2022) <arXiv:2209.08414>.
Please refer to arXiv e-prints via their arXiv DOI <doi:10.48550/arXiv.YYMM.NNNNN>.
Flavors: r-devel-linux-x86_64-debian-clang, r-devel-linux-x86_64-debian-gcc
These binaries (installable software) and packages are in development.
They may not be fully stable and should be used with caution. We make no claims about them.
Health stats visible at Monitor.