Last updated on 2025-02-23 15:49:54 CET.
Flavor | Version | Tinstall | Tcheck | Ttotal | Status | Flags |
---|---|---|---|---|---|---|
r-devel-linux-x86_64-debian-clang | 0.0.1 | 2.72 | 331.91 | 334.63 | NOTE | |
r-devel-linux-x86_64-debian-gcc | 0.0.1 | 2.00 | 173.79 | 175.79 | NOTE | |
r-devel-linux-x86_64-fedora-clang | 0.0.1 | 582.96 | NOTE | |||
r-devel-linux-x86_64-fedora-gcc | 0.0.1 | 563.87 | NOTE | |||
r-devel-macos-arm64 | 0.0.1 | 137.00 | NOTE | |||
r-devel-macos-x86_64 | 0.0.1 | 351.00 | NOTE | |||
r-devel-windows-x86_64 | 0.0.1 | 4.00 | 263.00 | 267.00 | NOTE | |
r-patched-linux-x86_64 | 0.0.1 | 3.08 | 292.41 | 295.49 | NOTE | |
r-release-linux-x86_64 | 0.0.1 | 2.61 | 293.28 | 295.89 | NOTE | |
r-release-macos-arm64 | 0.0.1 | 131.00 | NOTE | |||
r-release-macos-x86_64 | 0.0.1 | 272.00 | NOTE | |||
r-release-windows-x86_64 | 0.0.1 | 3.00 | 249.00 | 252.00 | NOTE | |
r-oldrel-macos-arm64 | 0.0.1 | 181.00 | OK | |||
r-oldrel-macos-x86_64 | 0.0.1 | 383.00 | OK | |||
r-oldrel-windows-x86_64 | 0.0.1 | 4.00 | 367.00 | 371.00 | OK |
Version: 0.0.1
Check: Rd files
Result: NOTE
checkRd: (-1) table1.Rd:14: Lost braces
14 | The first data set from {Sulewski, P. (2017) \emph{A new test for independence in 2x2 contingency tables,} Acta Universitatis Lodziensis. Folia Oeconomica, 4(330), 55–75}
| ^
checkRd: (-1) table3.Rd:14: Lost braces
14 | The third data set from {Sulewski, P. (2021). \emph{Logarithmic Minimum Test for Independence in Three Way Con-tingency Table of Small Sizes.} Journal of Statistical Computation and Simulation 91(13), 2780-2799}
| ^
Flavors: r-devel-linux-x86_64-debian-clang, r-devel-linux-x86_64-debian-gcc, r-devel-linux-x86_64-fedora-clang, r-devel-linux-x86_64-fedora-gcc, r-devel-macos-arm64, r-devel-macos-x86_64, r-devel-windows-x86_64, r-patched-linux-x86_64, r-release-linux-x86_64, r-release-macos-arm64, r-release-macos-x86_64, r-release-windows-x86_64
These binaries (installable software) and packages are in development.
They may not be fully stable and should be used with caution. We make no claims about them.
Health stats visible at Monitor.