Last updated on 2025-02-23 13:51:21 CET.
Flavor | Version | Tinstall | Tcheck | Ttotal | Status | Flags |
---|---|---|---|---|---|---|
r-devel-linux-x86_64-debian-clang | 0.0.1 | 1.69 | 210.04 | 211.73 | NOTE | |
r-devel-linux-x86_64-debian-gcc | 0.0.1 | 1.20 | 111.07 | 112.27 | NOTE | |
r-devel-linux-x86_64-fedora-clang | 0.0.1 | 380.80 | NOTE | |||
r-devel-linux-x86_64-fedora-gcc | 0.0.1 | 360.31 | NOTE | |||
r-devel-macos-arm64 | 0.0.1 | 86.00 | NOTE | |||
r-devel-macos-x86_64 | 0.0.1 | 247.00 | NOTE | |||
r-devel-windows-x86_64 | 0.0.1 | 3.00 | 195.00 | 198.00 | NOTE | |
r-patched-linux-x86_64 | 0.0.1 | 1.82 | 197.43 | 199.25 | NOTE | |
r-release-linux-x86_64 | 0.0.1 | 1.60 | 199.17 | 200.77 | NOTE | |
r-release-macos-arm64 | 0.0.1 | 88.00 | NOTE | |||
r-release-macos-x86_64 | 0.0.1 | 219.00 | NOTE | |||
r-release-windows-x86_64 | 0.0.1 | 2.00 | 190.00 | 192.00 | NOTE | |
r-oldrel-macos-arm64 | 0.0.1 | 119.00 | OK | |||
r-oldrel-macos-x86_64 | 0.0.1 | 246.00 | OK | |||
r-oldrel-windows-x86_64 | 0.0.1 | 3.00 | 271.00 | 274.00 | OK |
Version: 0.0.1
Check: Rd files
Result: NOTE
checkRd: (-1) data1.Rd:14: Lost braces
14 | The data set from {AbouRizk, S.M., Halpin, D.W., Wilson, J. R. (1994). \emph{Fitting beta distributions based on sample data.} Journal of Construction Engineering and Management 120(2), 288–305.}
| ^
checkRd: (-1) data2.Rd:14: Lost braces; missing escapes or markup?
14 | The data set presents the height of 99 five-year-old British boys in cm downloaded from {http://www.mas.ncl.ac.uk/njnsm/medfac/docs/intro.pdf.}
| ^
Flavors: r-devel-linux-x86_64-debian-clang, r-devel-linux-x86_64-debian-gcc, r-devel-linux-x86_64-fedora-clang, r-devel-linux-x86_64-fedora-gcc, r-devel-macos-arm64, r-devel-macos-x86_64, r-devel-windows-x86_64, r-patched-linux-x86_64, r-release-linux-x86_64, r-release-macos-arm64, r-release-macos-x86_64, r-release-windows-x86_64
These binaries (installable software) and packages are in development.
They may not be fully stable and should be used with caution. We make no claims about them.
Health stats visible at Monitor.