Last updated on 2025-02-23 19:51:16 CET.
Flavor | Version | Tinstall | Tcheck | Ttotal | Status | Flags |
---|---|---|---|---|---|---|
r-devel-linux-x86_64-debian-clang | 0.0.1 | 2.32 | 27.10 | 29.42 | NOTE | |
r-devel-linux-x86_64-debian-gcc | 0.0.1 | 1.59 | 20.99 | 22.58 | NOTE | |
r-devel-linux-x86_64-fedora-clang | 0.0.1 | 51.34 | NOTE | |||
r-devel-linux-x86_64-fedora-gcc | 0.0.1 | 60.20 | NOTE | |||
r-devel-macos-arm64 | 0.0.1 | 27.00 | NOTE | |||
r-devel-macos-x86_64 | 0.0.1 | 58.00 | NOTE | |||
r-devel-windows-x86_64 | 0.0.1 | 4.00 | 52.00 | 56.00 | NOTE | |
r-patched-linux-x86_64 | 0.0.1 | 2.73 | 25.50 | 28.23 | NOTE | |
r-release-linux-x86_64 | 0.0.1 | 2.22 | 25.92 | 28.14 | NOTE | |
r-release-macos-arm64 | 0.0.1 | 26.00 | NOTE | |||
r-release-macos-x86_64 | 0.0.1 | 61.00 | NOTE | |||
r-release-windows-x86_64 | 0.0.1 | 3.00 | 51.00 | 54.00 | NOTE | |
r-oldrel-macos-arm64 | 0.0.1 | 36.00 | OK | |||
r-oldrel-macos-x86_64 | 0.0.1 | 71.00 | OK | |||
r-oldrel-windows-x86_64 | 0.0.1 | 4.00 | 56.00 | 60.00 | OK |
Version: 0.0.1
Check: Rd files
Result: NOTE
checkRd: (-1) qpc.Rd:43: Lost braces
43 | S{Sulewski, P. (2020). \emph{Normal Distribution with Plasticizing Component,} Communications in Statistics ? Theory and Method 51(11), 3806-3835.}
| ^
Flavors: r-devel-linux-x86_64-debian-clang, r-devel-linux-x86_64-debian-gcc, r-devel-linux-x86_64-fedora-clang, r-devel-linux-x86_64-fedora-gcc, r-devel-macos-arm64, r-devel-macos-x86_64, r-devel-windows-x86_64, r-patched-linux-x86_64, r-release-linux-x86_64, r-release-macos-arm64, r-release-macos-x86_64, r-release-windows-x86_64
These binaries (installable software) and packages are in development.
They may not be fully stable and should be used with caution. We make no claims about them.
Health stats visible at Monitor.