Last updated on 2025-05-15 09:52:37 CEST.
Flavor | Version | Tinstall | Tcheck | Ttotal | Status | Flags |
---|---|---|---|---|---|---|
r-devel-linux-x86_64-debian-clang | 0.1.1 | 5.10 | 37.58 | 42.68 | NOTE | |
r-devel-linux-x86_64-debian-gcc | 0.1.1 | 4.92 | 29.81 | 34.73 | NOTE | |
r-devel-linux-x86_64-fedora-clang | 0.1.1 | 68.89 | OK | |||
r-devel-linux-x86_64-fedora-gcc | 0.1.1 | 70.00 | OK | |||
r-devel-windows-x86_64 | 0.1.1 | 9.00 | 57.00 | 66.00 | OK | |
r-patched-linux-x86_64 | 0.1.1 | 6.42 | 36.31 | 42.73 | OK | |
r-release-linux-x86_64 | 0.1.1 | 5.66 | 36.08 | 41.74 | OK | |
r-release-macos-arm64 | 0.1.1 | 28.00 | OK | |||
r-release-macos-x86_64 | 0.1.1 | 47.00 | OK | |||
r-release-windows-x86_64 | 0.1.1 | 9.00 | 56.00 | 65.00 | OK | |
r-oldrel-macos-arm64 | 0.1.1 | 26.00 | OK | |||
r-oldrel-macos-x86_64 | 0.1.1 | 37.00 | OK | |||
r-oldrel-windows-x86_64 | 0.1.1 | 11.00 | 64.00 | 75.00 | OK |
Version: 0.1.1
Check: CRAN incoming feasibility
Result: NOTE
Maintainer: ‘Taiane Schaedler Prass <taianeprass@gmail.com>’
The Description field contains
<arXiv:2303.04754>) and has been found to outperform several other
Please refer to arXiv e-prints via their arXiv DOI <doi:10.48550/arXiv.YYMM.NNNNN>.
Flavors: r-devel-linux-x86_64-debian-clang, r-devel-linux-x86_64-debian-gcc
These binaries (installable software) and packages are in development.
They may not be fully stable and should be used with caution. We make no claims about them.
Health stats visible at Monitor.