Last updated on 2025-10-30 19:53:32 CET.
| Flavor | Version | Tinstall | Tcheck | Ttotal | Status | Flags | 
|---|---|---|---|---|---|---|
| r-devel-linux-x86_64-debian-clang | 1.1.4 | 121.16 | 34.84 | 156.00 | OK | |
| r-devel-linux-x86_64-debian-gcc | 1.1.4 | 85.50 | 26.17 | 111.67 | OK | |
| r-devel-linux-x86_64-fedora-clang | 1.1.4 | 283.00 | 1.89 | 284.89 | OK | |
| r-devel-linux-x86_64-fedora-gcc | 1.1.4 | 308.00 | -21.23 | 286.77 | OK | |
| r-devel-windows-x86_64 | 1.1.4 | 140.00 | 72.00 | 212.00 | OK | |
| r-patched-linux-x86_64 | 1.1.4 | 124.61 | 32.79 | 157.40 | OK | |
| r-release-linux-x86_64 | 1.1.4 | 125.90 | 32.46 | 158.36 | OK | |
| r-release-macos-arm64 | 1.1.4 | 45.00 | 20.00 | 65.00 | OK | |
| r-release-macos-x86_64 | 1.1.4 | 40.00 | 43.00 | 83.00 | OK | |
| r-release-windows-x86_64 | 1.1.4 | 140.00 | 79.00 | 219.00 | OK | |
| r-oldrel-macos-arm64 | 1.1.4 | 53.00 | 19.00 | 72.00 | NOTE | |
| r-oldrel-macos-x86_64 | 1.1.4 | 43.00 | 37.00 | 80.00 | NOTE | |
| r-oldrel-windows-x86_64 | 1.1.4 | 165.00 | 97.00 | 262.00 | OK | 
Version: 1.1.4
Check: installed package size
Result: NOTE
    installed size is 13.0Mb
    sub-directories of 1Mb or more:
      libs  12.8Mb
Flavors: r-oldrel-macos-arm64, r-oldrel-macos-x86_64
These binaries (installable software) and packages are in development.
They may not be fully stable and should be used with caution. We make no claims about them.
Health stats visible at Monitor.