Last updated on 2025-05-03 22:50:04 CEST.
Flavor | Version | Tinstall | Tcheck | Ttotal | Status | Flags |
---|---|---|---|---|---|---|
r-devel-linux-x86_64-debian-clang | 1.0.0 | 1.86 | 21.98 | 23.84 | NOTE | |
r-devel-linux-x86_64-debian-gcc | 1.0.0 | 1.63 | 18.03 | 19.66 | NOTE | |
r-devel-linux-x86_64-fedora-clang | 1.0.0 | 37.16 | OK | |||
r-devel-linux-x86_64-fedora-gcc | 1.0.0 | 36.01 | OK | |||
r-devel-windows-x86_64 | 1.0.0 | 3.00 | 53.00 | 56.00 | OK | |
r-patched-linux-x86_64 | 1.0.0 | 2.25 | 21.43 | 23.68 | OK | |
r-release-linux-x86_64 | OK | |||||
r-release-macos-arm64 | 1.0.0 | 17.00 | OK | |||
r-release-macos-x86_64 | 1.0.0 | 28.00 | OK | |||
r-release-windows-x86_64 | 1.0.0 | 3.00 | 44.00 | 47.00 | OK | |
r-oldrel-macos-arm64 | 1.0.0 | 17.00 | OK | |||
r-oldrel-macos-x86_64 | 1.0.0 | 23.00 | OK | |||
r-oldrel-windows-x86_64 | 1.0.0 | 3.00 | 48.00 | 51.00 | OK |
Version: 1.0.0
Check: CRAN incoming feasibility
Result: NOTE
Maintainer: ‘Jiacheng Miao <jiacheng.miao@wisc.edu>’
The Description field contains
(2023) <arXiv:2311.14220>.
Please refer to arXiv e-prints via their arXiv DOI <doi:10.48550/arXiv.YYMM.NNNNN>.
Flavors: r-devel-linux-x86_64-debian-clang, r-devel-linux-x86_64-debian-gcc
These binaries (installable software) and packages are in development.
They may not be fully stable and should be used with caution. We make no claims about them.
Health stats visible at Monitor.