Last updated on 2025-05-03 22:50:03 CEST.
Flavor | Version | Tinstall | Tcheck | Ttotal | Status | Flags |
---|---|---|---|---|---|---|
r-devel-linux-x86_64-debian-clang | 0.4.1 | 5.17 | 113.43 | 118.60 | NOTE | |
r-devel-linux-x86_64-debian-gcc | 0.4.1 | 2.83 | 70.85 | 73.68 | NOTE | |
r-devel-linux-x86_64-fedora-clang | 0.4.1 | 212.35 | OK | |||
r-devel-linux-x86_64-fedora-gcc | 0.4.1 | 186.41 | OK | |||
r-devel-windows-x86_64 | 0.4.1 | 6.00 | 161.00 | 167.00 | OK | |
r-patched-linux-x86_64 | 0.4.1 | 5.13 | 109.61 | 114.74 | OK | |
r-release-linux-x86_64 | OK | |||||
r-release-macos-arm64 | 0.4.1 | 59.00 | OK | |||
r-release-macos-x86_64 | 0.4.1 | 122.00 | OK | |||
r-release-windows-x86_64 | 0.4.1 | 6.00 | 161.00 | 167.00 | OK | |
r-oldrel-macos-arm64 | 0.4.1 | 55.00 | OK | |||
r-oldrel-macos-x86_64 | 0.4.1 | 97.00 | OK | |||
r-oldrel-windows-x86_64 | 0.4.1 | 8.00 | 198.00 | 206.00 | OK |
Version: 0.4.1
Check: CRAN incoming feasibility
Result: NOTE
Maintainer: ‘Felipe Queiroz <ffelipeq@outlook.com>’
The Description field contains
are described in Queiroz and Ferrari (2022) <arXiv:2202.01697>.
Please refer to arXiv e-prints via their arXiv DOI <doi:10.48550/arXiv.YYMM.NNNNN>.
Flavors: r-devel-linux-x86_64-debian-clang, r-devel-linux-x86_64-debian-gcc
These binaries (installable software) and packages are in development.
They may not be fully stable and should be used with caution. We make no claims about them.
Health stats visible at Monitor.